000
CDUS45 KVEF 030827
CLIIGM


CLIMATE REPORT
NATIONAL WEATHER SERVICE LAS VEGAS, NV
126 AM PDT SUN MAY 3 2015


...................................

...THE KINGMAN AZ CLIMATE SUMMARY FOR MAY 2 2015...

CLIMATE NORMAL PERIOD 1981 TO 2010
CLIMATE RECORD PERIOD 1901 TO 2015


WEATHER ITEM   OBSERVED TIME   RECORD YEAR NORMAL DEPARTURE LAST
                VALUE   (LST)  VALUE       VALUE  FROM      YEAR
                                                  NORMAL
..................................................................
TEMPERATURE (F)
 YESTERDAY
  MAXIMUM         89    246 PM 102    1947  80      9       89
  MINIMUM         60    403 AM  34    2008  49     11       49
  AVERAGE         75                        64     11       69

PRECIPITATION (IN)
  YESTERDAY        0.00          0.30 1905   0.01  -0.01     0.00
  MONTH TO DATE    0.00                      0.02  -0.02     0.00
  SINCE OCT 1      4.94                      5.45  -0.51     1.67
  SINCE JAN 1      2.81                      3.35  -0.54     0.79

DEGREE DAYS
 HEATING
  YESTERDAY        0                         3     -3        0
  MONTH TO DATE    0                         7     -7        1
  SINCE MAR 1    462                       640   -178      471
  SINCE JUL 1   2442                      3053   -611     2793

 COOLING
  YESTERDAY       10                         3      7        4
  MONTH TO DATE   15                         5     10        4
  SINCE MAR 1     33                        36     -3       37
  SINCE JAN 1     33                        36     -3       37
..................................................................


WIND (MPH)
  RESULTANT WIND SPEED  10   RESULTANT WIND DIRECTION  SW (210)
  HIGHEST WIND SPEED    25   HIGHEST WIND DIRECTION    SW (220)
  HIGHEST GUST SPEED    37   HIGHEST GUST DIRECTION    SW (240)
  AVERAGE WIND SPEED    11.7


SKY COVER
  POSSIBLE SUNSHINE  MM
  AVERAGE SKY COVER 0.0


WEATHER CONDITIONS
 THE FOLLOWING WEATHER WAS RECORDED YESTERDAY.
  NO SIGNIFICANT WEATHER WAS OBSERVED.


RELATIVE HUMIDITY (PERCENT)
 HIGHEST    25          1000 PM
 LOWEST     10           200 PM
 AVERAGE    18

..........................................................


THE KINGMAN AZ CLIMATE NORMALS FOR TODAY
                         NORMAL    RECORD    YEAR
 MAXIMUM TEMPERATURE (F)   80       103      1947
 MINIMUM TEMPERATURE (F)   49        34      1942


SUNRISE AND SUNSET
MAY  3 2015...........SUNRISE   543 AM MST   SUNSET   723 PM MST
MAY  4 2015...........SUNRISE   542 AM MST   SUNSET   724 PM MST


-  INDICATES NEGATIVE NUMBERS.
R  INDICATES RECORD WAS SET OR TIED.
MM INDICATES DATA IS MISSING.
T  INDICATES TRACE AMOUNT.




$$
