000
CDUS43 KIND 070600
CLIIND


CLIMATE REPORT
NATIONAL WEATHER SERVICE INDIANAPOLIS IN
200 AM EDT THU MAY 7 2015


...................................

...THE INDIANAPOLIS IN CLIMATE SUMMARY FOR MAY 6 2015...

CLIMATE NORMAL PERIOD 1981 TO 2010
CLIMATE RECORD PERIOD 1871 TO 2015


WEATHER ITEM   OBSERVED TIME   RECORD YEAR NORMAL DEPARTURE LAST
                VALUE   (LST)  VALUE       VALUE  FROM      YEAR
                                                  NORMAL
..................................................................
TEMPERATURE (F)
 YESTERDAY
  MAXIMUM         86    244 PM  89    1949  70     16       73
  MINIMUM         61    636 AM  31    1968  49     12       48
  AVERAGE         74                        60     14       61

PRECIPITATION (IN)
  YESTERDAY        0.00          2.56 1876   0.16  -0.16     0.00
  MONTH TO DATE    0.13                      0.95  -0.82      T
  SINCE MAR 1      7.66                      8.32  -0.66     7.77
  SINCE JAN 1     10.81                     13.30  -2.49    12.56

SNOWFALL (IN)
  YESTERDAY        0.0           0.2  1989   0.0    0.0      0.0
  MONTH TO DATE    0.0                       0.0    0.0      0.0
  SINCE MAR 1      5.9                       2.8    3.1      3.4
  SINCE JUL 1     25.6                      25.9   -0.3     55.7
  SNOW DEPTH       0

DEGREE DAYS
 HEATING
  YESTERDAY        0                         6     -6        4
  MONTH TO DATE   13                        42    -29       64
  SINCE MAR 1   1116                      1121     -5     1320
  SINCE JUL 1   5842                      5264    578     6117

 COOLING
  YESTERDAY        9                         1      8        0
  MONTH TO DATE   20                         6     14        0
  SINCE MAR 1     26                        21      5        4
  SINCE JAN 1     26                        21      5        4
..................................................................


WIND (MPH)
  HIGHEST WIND SPEED    10   HIGHEST WIND DIRECTION     S (180)
  HIGHEST GUST SPEED    13   HIGHEST GUST DIRECTION     S (180)
  AVERAGE WIND SPEED     3.9


SKY COVER
  AVERAGE SKY COVER 0.5


WEATHER CONDITIONS
 THE FOLLOWING WEATHER WAS RECORDED YESTERDAY.
  NO SIGNIFICANT WEATHER WAS OBSERVED.


RELATIVE HUMIDITY (PERCENT)
 HIGHEST    78           700 AM
 LOWEST     32           300 PM
 AVERAGE    55

..........................................................


THE INDIANAPOLIS IN CLIMATE NORMALS FOR TODAY
                         NORMAL    RECORD    YEAR
 MAXIMUM TEMPERATURE (F)   70        87      1926
 MINIMUM TEMPERATURE (F)   50        31      1974


SUNRISE AND SUNSET
MAY  7 2015...........SUNRISE   639 AM EDT   SUNSET   845 PM EDT
MAY  8 2015...........SUNRISE   638 AM EDT   SUNSET   846 PM EDT


-  INDICATES NEGATIVE NUMBERS.
R  INDICATES RECORD WAS SET OR TIED.
MM INDICATES DATA IS MISSING.
T  INDICATES TRACE AMOUNT.




$$
