000
CDUS41 KCTP 180616
CLIIPT


CLIMATE REPORT
NATIONAL WEATHER SERVICE STATE COLLEGE PA
216 AM EDT SAT APR 18 2015


...................................

...THE WILLIAMSPORT PA CLIMATE SUMMARY FOR APRIL 17 2015...

CLIMATE NORMAL PERIOD 1981 TO 2010
CLIMATE RECORD PERIOD 1895 TO 2015


WEATHER ITEM   OBSERVED TIME   RECORD YEAR NORMAL DEPARTURE LAST
                VALUE   (LST)  VALUE       VALUE  FROM      YEAR
                                                  NORMAL
..................................................................
TEMPERATURE (F)
 YESTERDAY
  MAXIMUM         73    455 PM  91    2002  62     11       55
                                      1976
  MINIMUM         50    505 AM  25    2014  40     10       25
                                      1904
  AVERAGE         62                        51     11       40

PRECIPITATION (IN)
  YESTERDAY        0.20          1.13 1982   0.11   0.09     0.00
  MONTH TO DATE    2.17                      1.88   0.29     1.92
  SINCE MAR 1      4.54                      4.85  -0.31     4.81
  SINCE JAN 1      7.33                      9.89  -2.56     8.61

SNOWFALL (IN)
  YESTERDAY        0.0           6.0  1943   0.0    0.0      0.0
  MONTH TO DATE    0.0                       0.9   -0.9       T
  SINCE MAR 1     11.4                       7.8    3.6      0.1
  SINCE JUL 1     44.4                      35.8    8.6     45.9
  SNOW DEPTH       0

DEGREE DAYS
 HEATING
  YESTERDAY        3                        15    -12       25
  MONTH TO DATE  263                       298    -35      288
  SINCE MAR 1   1252                      1127    125     1288
  SINCE JUL 1   5889                      5594    295     6120

 COOLING
  YESTERDAY        0                         0      0        0
  MONTH TO DATE    0                         0      0        9
  SINCE MAR 1      0                         0      0        9
  SINCE JAN 1      0                         0      0        9
..................................................................


WIND (MPH)
  HIGHEST WIND SPEED    18   HIGHEST WIND DIRECTION     W (270)
  HIGHEST GUST SPEED    23   HIGHEST GUST DIRECTION     W (260)
  AVERAGE WIND SPEED     4.0


SKY COVER
  POSSIBLE SUNSHINE  MM
  AVERAGE SKY COVER 0.8


WEATHER CONDITIONS
 THE FOLLOWING WEATHER WAS RECORDED YESTERDAY.
  RAIN
  LIGHT RAIN
  FOG


RELATIVE HUMIDITY (PERCENT)
 HIGHEST    93           300 AM
 LOWEST     38           500 PM
 AVERAGE    66

..........................................................


THE WILLIAMSPORT PA CLIMATE NORMALS FOR TODAY
                         NORMAL    RECORD    YEAR
 MAXIMUM TEMPERATURE (F)   62        92      1976
 MINIMUM TEMPERATURE (F)   40        24      1948


SUNRISE AND SUNSET
APRIL 18 2015.........SUNRISE   624 AM EDT   SUNSET   751 PM EDT
APRIL 19 2015.........SUNRISE   623 AM EDT   SUNSET   752 PM EDT


-  INDICATES NEGATIVE NUMBERS.
R  INDICATES RECORD WAS SET OR TIED.
MM INDICATES DATA IS MISSING.
T  INDICATES TRACE AMOUNT.




$$
