000
CDUS42 KJAX 280536
CLIJAX


CLIMATE REPORT
NATIONAL WEATHER SERVICE JACKSONVILLE FL
136 AM EDT TUE APR 28 2015


...................................

...THE JACKSONVILLE CLIMATE SUMMARY FOR APRIL 27 2015...

CLIMATE NORMAL PERIOD 1981 TO 2010
CLIMATE RECORD PERIOD 1871 TO 2015


WEATHER ITEM   OBSERVED TIME   RECORD YEAR NORMAL DEPARTURE LAST
                VALUE   (LST)  VALUE       VALUE  FROM      YEAR
                                                  NORMAL
..................................................................
TEMPERATURE (F)
 YESTERDAY
  MAXIMUM         76   1231 PM  94    1986  82     -6       86
  MINIMUM         65   1020 PM  42    1977  57      8       59
  AVERAGE         71                        69      2       73

PRECIPITATION (IN)
  YESTERDAY        0.00          1.81 1997   0.07  -0.07     0.00
  MONTH TO DATE    2.66                      2.43   0.23     5.61
  SINCE MAR 1      4.95                      6.38  -1.43    10.26
  SINCE JAN 1     11.35                     12.87  -1.52    19.97

SNOWFALL (IN)
  YESTERDAY        0.0           0.0  2002   0.0    0.0      0.0
                                      2001
  MONTH TO DATE    0.0                       0.0    0.0      0.0
  SINCE MAR 1      0.0                       T      0.0      0.0
  SINCE JUL 1      T                         T      0.0      0.0
  SNOW DEPTH       0

DEGREE DAYS
 HEATING
  YESTERDAY        0                         1     -1        0
  MONTH TO DATE    0                        53    -53       27
  SINCE MAR 1     87                       209   -122      226
  SINCE JUL 1   1335                      1342     -7     1303

 COOLING
  YESTERDAY        6                         5      1        8
  MONTH TO DATE  208                        97    111      101
  SINCE MAR 1    311                       151    160      129
  SINCE JAN 1    324                       180    144      159
..................................................................


WIND (MPH)
  HIGHEST WIND SPEED    14   HIGHEST WIND DIRECTION    NE (60)
  HIGHEST GUST SPEED    15   HIGHEST GUST DIRECTION    NE (60)
  AVERAGE WIND SPEED     6.4


SKY COVER
  POSSIBLE SUNSHINE  MM
  AVERAGE SKY COVER 0.9


WEATHER CONDITIONS
 THE FOLLOWING WEATHER WAS RECORDED YESTERDAY.
  NO SIGNIFICANT WEATHER WAS OBSERVED.


RELATIVE HUMIDITY (PERCENT)
 HIGHEST    97           500 AM
 LOWEST     74          1200 PM
 AVERAGE    86

..........................................................


THE JACKSONVILLE CLIMATE NORMALS FOR TODAY
                         NORMAL    RECORD    YEAR
 MAXIMUM TEMPERATURE (F)   82        94      1991
 MINIMUM TEMPERATURE (F)   57        43      1978
                                             1977
                                             1898


SUNRISE AND SUNSET
APRIL 28 2015.........SUNRISE   646 AM EDT   SUNSET   803 PM EDT
APRIL 29 2015.........SUNRISE   645 AM EDT   SUNSET   803 PM EDT


-  INDICATES NEGATIVE NUMBERS.
R  INDICATES RECORD WAS SET OR TIED.
MM INDICATES DATA IS MISSING.
T  INDICATES TRACE AMOUNT.




$$
