000
CDUS44 KMEG 020646
CLIJBR


CLIMATE REPORT
NATIONAL WEATHER SERVICE MEMPHIS TN
146 AM CDT THU APR 2 2015


...................................

...THE JONESBORO CLIMATE SUMMARY FOR APRIL 1 2015...

CLIMATE NORMAL PERIOD 1981 TO 2010
CLIMATE RECORD PERIOD 1897 TO 2015


WEATHER ITEM   OBSERVED TIME   RECORD YEAR NORMAL DEPARTURE LAST
                VALUE   (LST)  VALUE       VALUE  FROM      YEAR
                                                  NORMAL
..................................................................
TEMPERATURE (F)
 YESTERDAY
  MAXIMUM         73    343 PM  90    1940  66      7       73
  MINIMUM         54    543 AM  26    1926  45      9       48
                                      1924
  AVERAGE         64                        55      9       61

PRECIPITATION (IN)
  YESTERDAY       MM             2.00 1979   0.17  MM        0.00
  MONTH TO DATE   MM                         0.17  MM        0.00
  SINCE MAR 1      7.32                      4.67   2.65     5.01
  SINCE JAN 1     12.15                     11.82   0.33     9.72

SNOWFALL (IN)
  YESTERDAY        0.0           T    1993   0.0    0.0      0.0
  MONTH TO DATE    0.0                       0.0    0.0      0.0
  SINCE MAR 1      7.6                       0.7    6.9      3.2
  SINCE JUL 1      9.4                       4.8    4.6      5.2
  SNOW DEPTH       0

DEGREE DAYS
 HEATING
  YESTERDAY        1                        10     -9        4
  MONTH TO DATE    1                        10     -9        4
  SINCE MAR 1    566                       474     92      635
  SINCE JUL 1   3814                      3430    384     3900

 COOLING
  YESTERDAY        0                         1     -1        0
  MONTH TO DATE    0                         1     -1        0
  SINCE MAR 1      0                         7     -7        0
  SINCE JAN 1      0                         7     -7        0
..................................................................


WIND (MPH)
  HIGHEST WIND SPEED    MM   HIGHEST WIND DIRECTION    MM
  HIGHEST GUST SPEED    MM   HIGHEST GUST DIRECTION    MM
  AVERAGE WIND SPEED    MM


SKY COVER
  POSSIBLE SUNSHINE  MM
  AVERAGE SKY COVER 0.4


WEATHER CONDITIONS
 THE FOLLOWING WEATHER WAS RECORDED YESTERDAY.
  THUNDERSTORM
  HEAVY RAIN
  RAIN
  LIGHT RAIN
  FOG
  HAZE


RELATIVE HUMIDITY (PERCENT)
 HIGHEST   100           300 AM
 LOWEST     63           900 AM
 AVERAGE    82

..........................................................


THE JONESBORO CLIMATE NORMALS FOR TODAY
                         NORMAL    RECORD    YEAR
 MAXIMUM TEMPERATURE (F)   66        90      1918
 MINIMUM TEMPERATURE (F)   45        26      1919


SUNRISE AND SUNSET
APRIL  2 2015.........SUNRISE   648 AM CDT   SUNSET   725 PM CDT
APRIL  3 2015.........SUNRISE   646 AM CDT   SUNSET   726 PM CDT


-  INDICATES NEGATIVE NUMBERS.
R  INDICATES RECORD WAS SET OR TIED.
MM INDICATES DATA IS MISSING.
T  INDICATES TRACE AMOUNT.




$$
