000
CDUS41 KCTP 252125
CLIJST


CLIMATE REPORT
NATIONAL WEATHER SERVICE STATE COLLEGE PA
525 PM EDT SAT APR 25 2015


...................................

...THE JOHNSTOWN CLIMATE SUMMARY FOR APRIL 25 2015...
VALID TODAY AS OF 0500 PM LOCAL TIME.

CLIMATE NORMAL PERIOD 1981 TO 2010
CLIMATE RECORD PERIOD 2000 TO 2015


WEATHER ITEM   OBSERVED TIME   RECORD YEAR NORMAL DEPARTURE LAST
                VALUE   (LST)  VALUE       VALUE  FROM      YEAR
                                                  NORMAL
..................................................................
TEMPERATURE (F)
 TODAY
  MAXIMUM         53    312 PM  95    1915  61     -8       64
  MINIMUM         31    251 AM  26    1919  41    -10       43
  AVERAGE         42                        51     -9       54

PRECIPITATION (IN)
  TODAY            0.00          1.32 1937   0.11  -0.11     0.50
  MONTH TO DATE    3.30                      3.02   0.28     2.88
  SINCE MAR 1      7.35                      6.31   1.04     4.83
  SINCE JAN 1     10.75                     11.54  -0.79     8.87

DEGREE DAYS
 HEATING
  TODAY           23                        14      9       11
  MONTH TO DATE  392                       471    -79      439
  SINCE MAR 1   1373                      1384    -11     1535
  SINCE JUL 1   6562                      6263    299     6863

 COOLING
  TODAY            0                         0      0        0
  MONTH TO DATE    0                         0      0        4
  SINCE MAR 1      0                         0      0        4
  SINCE JAN 1      0                         0      0        4
..................................................................


WIND (MPH)
  HIGHEST WIND SPEED    10   HIGHEST WIND DIRECTION    SW (230)
  HIGHEST GUST SPEED    13   HIGHEST GUST DIRECTION    SW (230)
  AVERAGE WIND SPEED     4.0


SKY COVER
  POSSIBLE SUNSHINE  MM
  AVERAGE SKY COVER 0.6


WEATHER CONDITIONS
 THE FOLLOWING WEATHER WAS RECORDED TODAY.
  NO SIGNIFICANT WEATHER WAS OBSERVED.


RELATIVE HUMIDITY (PERCENT)
 HIGHEST    75           800 AM
 LOWEST     28           100 PM
 AVERAGE    52

..........................................................


THE JOHNSTOWN CLIMATE NORMALS FOR TOMORROW
                         NORMAL    RECORD    YEAR
 MAXIMUM TEMPERATURE (F)   61        93      1915
 MINIMUM TEMPERATURE (F)   41        26      2006


SUNRISE AND SUNSET
APRIL 25 2015.........SUNRISE   623 AM EDT   SUNSET   804 PM EDT
APRIL 26 2015.........SUNRISE   622 AM EDT   SUNSET   805 PM EDT


-  INDICATES NEGATIVE NUMBERS.
R  INDICATES RECORD WAS SET OR TIED.
MM INDICATES DATA IS MISSING.
T  INDICATES TRACE AMOUNT.




$$
