000
CDUS46 KLOX 190903
CLILAX


CLIMATE REPORT
NATIONAL WEATHER SERVICE LOS ANGELES/OXNARD CA
202 AM PDT SUN APR 19 2015


...................................

...THE LOS ANGELES INTL AIRPORT CA CLIMATE SUMMARY FOR APRIL 18 2015...

CLIMATE NORMAL PERIOD 1981 TO 2010
CLIMATE RECORD PERIOD 1944 TO 2015


WEATHER ITEM   OBSERVED TIME   RECORD YEAR NORMAL DEPARTURE LAST
                VALUE   (LST)  VALUE       VALUE  FROM      YEAR
                                                  NORMAL
..................................................................
TEMPERATURE (F)
 YESTERDAY
  MAXIMUM         72    939 AM  78    1999  67      5       72
  MINIMUM         55    512 AM  44    1963  54      1       60
  AVERAGE         64                        60      4       66

PRECIPITATION (IN)
  YESTERDAY        0.00          0.65 1983   0.02  -0.02     0.00
  MONTH TO DATE    0.10                      0.49  -0.39     0.17
  SINCE OCT 1      6.81                     12.02  -5.21     4.33
  SINCE JAN 1      2.11                      8.30  -6.19     3.32

SNOWFALL (IN)
  YESTERDAY        0.0
  MONTH TO DATE    0.0
  SINCE MAR 1      0.0
  SINCE JUL 1      0.0

DEGREE DAYS
 HEATING
  YESTERDAY        1                         5     -4        0
  MONTH TO DATE   57                       103    -46       70
  SINCE MAR 1    132                       324   -192      160
  SINCE JUL 1    665                      1253   -588      715

 COOLING
  YESTERDAY        0                         0      0        1
  MONTH TO DATE   10                         0     10        9
  SINCE MAR 1     78                         6     72       28
  SINCE JAN 1    105                        15     90       44
..................................................................


WIND (MPH)
  HIGHEST WIND SPEED    15   HIGHEST WIND DIRECTION     W (260)
  HIGHEST GUST SPEED    18   HIGHEST GUST DIRECTION     W (260)
  AVERAGE WIND SPEED     7.4


SKY COVER
  POSSIBLE SUNSHINE  MM
  AVERAGE SKY COVER 0.1


WEATHER CONDITIONS
 THE FOLLOWING WEATHER WAS RECORDED YESTERDAY.
  NO SIGNIFICANT WEATHER WAS OBSERVED.


RELATIVE HUMIDITY (PERCENT)
 HIGHEST    87           800 PM
 LOWEST     39           900 AM
 AVERAGE    63

..........................................................


THE LOS ANGELES INTL AIRPORT CA CLIMATE NORMALS FOR TODAY
                         NORMAL    RECORD    YEAR
 MAXIMUM TEMPERATURE (F)   67        87      2009
 MINIMUM TEMPERATURE (F)   54        46      1995


SUNRISE AND SUNSET
APRIL 19 2015.........SUNRISE   618 AM PDT   SUNSET   728 PM PDT
APRIL 20 2015.........SUNRISE   617 AM PDT   SUNSET   729 PM PDT


-  INDICATES NEGATIVE NUMBERS.
R  INDICATES RECORD WAS SET OR TIED.
MM INDICATES DATA IS MISSING.
T  INDICATES TRACE AMOUNT.




$$
