000
CDUS44 KSHV 060737
CLILFK


CLIMATE REPORT
NATIONAL WEATHER SERVICE SHREVEPORT, LA
236 AM CDT WED MAY 6 2015


...................................

...THE LUFKIN CLIMATE SUMMARY FOR MAY 5 2015...

CLIMATE NORMAL PERIOD 1981 TO 2010
CLIMATE RECORD PERIOD 1906 TO 2015


WEATHER ITEM   OBSERVED TIME   RECORD YEAR NORMAL DEPARTURE LAST
                VALUE   (LST)  VALUE       VALUE  FROM      YEAR
                                                  NORMAL
..................................................................
TEMPERATURE (F)
 YESTERDAY
  MAXIMUM         87   1259 PM  93    2010  82      5       89
                                      1984
  MINIMUM         65    123 AM  43    2013  61      4       53
  AVERAGE         76                        72      4       71

PRECIPITATION (IN)
  YESTERDAY        0.03          3.78 1941   0.14  -0.11     0.00
  MONTH TO DATE    0.03                      0.69  -0.66     0.00
  SINCE DEC 1     22.41                     20.01   2.40    10.45
  SINCE JAN 1     20.36                     15.57   4.79     8.24

SNOWFALL (IN)
  YESTERDAY        0.0
  MONTH TO DATE    0.0
  SINCE MAR 1      0.0
  SINCE JUL 1      T
  SNOW DEPTH       0

DEGREE DAYS
 HEATING
  YESTERDAY        0                         0      0        0
  MONTH TO DATE    0                         1     -1        5
  SINCE MAR 1    171                       280   -109      316
  SINCE JUL 1   1691                      1914   -223     2119

 COOLING
  YESTERDAY       11                         7      4        6
  MONTH TO DATE   41                        32      9       19
  SINCE MAR 1    338                       189    149      195
  SINCE JAN 1    344                       208    136      213
..................................................................


WIND (MPH)
  HIGHEST WIND SPEED    22   HIGHEST WIND DIRECTION    SE (140)
  HIGHEST GUST SPEED    30   HIGHEST GUST DIRECTION    SE (140)
  AVERAGE WIND SPEED    10.7


SKY COVER
  POSSIBLE SUNSHINE  MM
  AVERAGE SKY COVER 0.5


WEATHER CONDITIONS
 THE FOLLOWING WEATHER WAS RECORDED YESTERDAY.
  THUNDERSTORM
  LIGHT RAIN
  FOG
  HAZE


RELATIVE HUMIDITY (PERCENT)
 HIGHEST    90           600 AM
 LOWEST     45           300 PM
 AVERAGE    68

..........................................................


THE LUFKIN CLIMATE NORMALS FOR TODAY
                         NORMAL    RECORD    YEAR
 MAXIMUM TEMPERATURE (F)   83        94      1984
 MINIMUM TEMPERATURE (F)   61        44      2013


SUNRISE AND SUNSET
MAY  6 2015...........SUNRISE   630 AM CDT   SUNSET   802 PM CDT
MAY  7 2015...........SUNRISE   629 AM CDT   SUNSET   802 PM CDT


-  INDICATES NEGATIVE NUMBERS.
R  INDICATES RECORD WAS SET OR TIED.
MM INDICATES DATA IS MISSING.
T  INDICATES TRACE AMOUNT.




$$
