000
CDUS46 KLOX 190903
CLILGB


CLIMATE REPORT
NATIONAL WEATHER SERVICE LOS ANGELES/OXNARD CA
202 AM PDT SUN APR 19 2015


...................................

...THE LONG BEACH AIRPORT CA CLIMATE SUMMARY FOR APRIL 18 2015...

CLIMATE NORMAL PERIOD 1981 TO 2010
CLIMATE RECORD PERIOD 1958 TO 2015


WEATHER ITEM   OBSERVED TIME   RECORD YEAR NORMAL DEPARTURE LAST
                VALUE   (LST)  VALUE       VALUE  FROM      YEAR
                                                  NORMAL
..................................................................
TEMPERATURE (F)
 YESTERDAY
  MAXIMUM         78    354 PM  89    1999  72      6       69
  MINIMUM         54    424 AM  42    1968  53      1       60
  AVERAGE         66                        63      3       65

PRECIPITATION (IN)
  YESTERDAY        0.00          0.52 1967   0.02  -0.02     0.00
  MONTH TO DATE    0.21                      0.43  -0.22     0.20
  SINCE OCT 1      7.07                     11.57  -4.50     4.26
  SINCE JAN 1      1.81                      7.99  -6.18     3.02

SNOWFALL (IN)
  YESTERDAY        0.0
  MONTH TO DATE    0.0
  SINCE MAR 1      0.0
  SINCE JUL 1      0.0

DEGREE DAYS
 HEATING
  YESTERDAY        0                         3     -3        0
  MONTH TO DATE   20                        73    -53       43
  SINCE MAR 1     62                       252   -190      121
  SINCE JUL 1    485                      1143   -658      699

 COOLING
  YESTERDAY        1                         1      0        0
  MONTH TO DATE   31                        18     13       31
  SINCE MAR 1    149                        28    121       54
  SINCE JAN 1    186                        36    150       69
..................................................................


WIND (MPH)
  HIGHEST WIND SPEED    13   HIGHEST WIND DIRECTION    NW (300)
  HIGHEST GUST SPEED    15   HIGHEST GUST DIRECTION    NW (300)
  AVERAGE WIND SPEED     6.0


SKY COVER
  POSSIBLE SUNSHINE  MM
  AVERAGE SKY COVER 0.0


WEATHER CONDITIONS
 THE FOLLOWING WEATHER WAS RECORDED YESTERDAY.
  NO SIGNIFICANT WEATHER WAS OBSERVED.


RELATIVE HUMIDITY (PERCENT)
 HIGHEST    84           900 PM
 LOWEST     35           100 PM
 AVERAGE    60

..........................................................


THE LONG BEACH AIRPORT CA CLIMATE NORMALS FOR TODAY
                         NORMAL    RECORD    YEAR
 MAXIMUM TEMPERATURE (F)   72        97      2009
 MINIMUM TEMPERATURE (F)   54        40      1967


SUNRISE AND SUNSET
APRIL 19 2015.........SUNRISE   617 AM PDT   SUNSET   727 PM PDT
APRIL 20 2015.........SUNRISE   616 AM PDT   SUNSET   727 PM PDT


-  INDICATES NEGATIVE NUMBERS.
R  INDICATES RECORD WAS SET OR TIED.
MM INDICATES DATA IS MISSING.
T  INDICATES TRACE AMOUNT.




$$
