000
CDHW41 PHFO 041245
CLILIH


CLIMATE REPORT
NATIONAL WEATHER SERVICE HONOLULU HI
245 AM HST MON MAY 4 2015


...................................

...THE LIHUE HI CLIMATE SUMMARY FOR MAY 3 2015...

CLIMATE NORMAL PERIOD 1981 TO 2010
CLIMATE RECORD PERIOD 1946 TO 2015


WEATHER ITEM   OBSERVED TIME   RECORD YEAR NORMAL DEPARTURE LAST
                VALUE   (LST)  VALUE       VALUE  FROM      YEAR
                                                  NORMAL
..................................................................
TEMPERATURE (F)
 YESTERDAY
  MAXIMUM         82    243 PM  86    1978  80      2       82
  MINIMUM         73    421 AM  62    1996  69      4       71
  AVERAGE         78                        75      3       77

PRECIPITATION (IN)
  YESTERDAY        0.00          1.40 2010   0.08  -0.08     0.00
  MONTH TO DATE    T                         0.24  -0.24      T
  SINCE MAR 1      3.12                      7.10  -3.98     2.58
  SINCE JAN 1      5.03                     14.01  -8.98    12.98

SNOWFALL (IN)
  YESTERDAY        0.0
  MONTH TO DATE    0.0
  SINCE MAR 1      0.0
  SINCE JUL 1      0.0
  SNOW DEPTH       0

DEGREE DAYS
 HEATING
  YESTERDAY        0                         0      0        0
  MONTH TO DATE    0                         0      0        0
  SINCE MAR 1      0                         0      0        0
  SINCE JUL 1      0                         0      0        0

 COOLING
  YESTERDAY       13                        10      3       12
  MONTH TO DATE   38                        30      8       33
  SINCE MAR 1    643                       539    104      533
  SINCE JAN 1   1099                       934    165      909
..................................................................


WIND (MPH)
  HIGHEST WIND SPEED    20   HIGHEST WIND DIRECTION     E (70)
  HIGHEST GUST SPEED    23   HIGHEST GUST DIRECTION     E (70)
  AVERAGE WIND SPEED    14.2


SKY COVER
  POSSIBLE SUNSHINE  MM
  AVERAGE SKY COVER 0.6


WEATHER CONDITIONS
 THE FOLLOWING WEATHER WAS RECORDED YESTERDAY.
  NO SIGNIFICANT WEATHER WAS OBSERVED.


RELATIVE HUMIDITY (PERCENT)
 HIGHEST    73           100 AM
 LOWEST     51           100 PM
 AVERAGE    62

..........................................................


THE LIHUE HI CLIMATE NORMALS FOR TODAY
                         NORMAL    RECORD    YEAR
 MAXIMUM TEMPERATURE (F)   80        84      1982
                                             1981
                                             1961
 MINIMUM TEMPERATURE (F)   69        62      1989


SUNRISE AND SUNSET
MAY  4 2015...........SUNRISE   604 AM HST   SUNSET   705 PM HST
MAY  5 2015...........SUNRISE   603 AM HST   SUNSET   705 PM HST


-  INDICATES NEGATIVE NUMBERS.
R  INDICATES RECORD WAS SET OR TIED.
MM INDICATES DATA IS MISSING.
T  INDICATES TRACE AMOUNT.




$$
