000
CDUS45 KPIH 280732
CLILLJ


CLIMATE REPORT
NATIONAL WEATHER SERVICE POCATELLO ID
130 AM MDT TUE APR 28 2015


...................................

...THE CHALLIS ID CLIMATE SUMMARY FOR APRIL 27 2015...

CLIMATE NORMAL PERIOD 1981 TO 2010
CLIMATE RECORD PERIOD 1898 TO 2015


WEATHER ITEM   OBSERVED TIME   RECORD YEAR NORMAL DEPARTURE LAST
                VALUE   (LST)  VALUE       VALUE  FROM      YEAR
                                                  NORMAL
..................................................................
TEMPERATURE (F)
 YESTERDAY
  MAXIMUM         62    531 PM  87    1927  60      2       52
  MINIMUM         28    613 AM  18    1899  32     -4       27
  AVERAGE         45                        46     -1       40

PRECIPITATION (IN)
  YESTERDAY        0.00          0.36 1975   0.04  -0.04      T
  MONTH TO DATE    0.47                      0.72  -0.25     0.96
  SINCE OCT 1      3.04                      4.49  -1.45     3.37
  SINCE JAN 1      1.25                      2.56  -1.31     2.64

SNOWFALL (IN)
  YESTERDAY       MM
  MONTH TO DATE   MM
  SINCE MAR 1     MM
  SINCE JUL 1     MM
  SNOW DEPTH      MM

DEGREE DAYS
 HEATING
  YESTERDAY       20                        19      1       25
  MONTH TO DATE  596                       591      5      565
  SINCE MAR 1   1294                      1487   -193     1418
  SINCE JUL 1   6432                      7536  -1104     7167

 COOLING
  YESTERDAY        0                         0      0        0
  MONTH TO DATE    0                         0      0        0
  SINCE MAR 1      0                         0      0        0
  SINCE JAN 1      0                         0      0        0
..................................................................


WIND (MPH)
  HIGHEST WIND SPEED    10   HIGHEST WIND DIRECTION    NW (310)
  HIGHEST GUST SPEED    17   HIGHEST GUST DIRECTION    SE (130)
  AVERAGE WIND SPEED     2.7


SKY COVER
  POSSIBLE SUNSHINE  MM
  AVERAGE SKY COVER 0.1


WEATHER CONDITIONS
 THE FOLLOWING WEATHER WAS RECORDED YESTERDAY.
  NO SIGNIFICANT WEATHER WAS OBSERVED.


RELATIVE HUMIDITY (PERCENT)
 HIGHEST    85           600 AM
 LOWEST     25           500 PM
 AVERAGE    55

..........................................................


THE CHALLIS ID CLIMATE NORMALS FOR TODAY
                         NORMAL    RECORD    YEAR
 MAXIMUM TEMPERATURE (F)   61        82      1987
 MINIMUM TEMPERATURE (F)   32        18      1984


SUNRISE AND SUNSET
APRIL 28 2015.........SUNRISE   632 AM MDT   SUNSET   837 PM MDT
APRIL 29 2015.........SUNRISE   631 AM MDT   SUNSET   839 PM MDT


-  INDICATES NEGATIVE NUMBERS.
R  INDICATES RECORD WAS SET OR TIED.
MM INDICATES DATA IS MISSING.
T  INDICATES TRACE AMOUNT.




$$
