000
CDUS43 KOAX 192149
CLILNK


CLIMATE REPORT
NATIONAL WEATHER SERVICE OMAHA NEBRASKA
447 PM CDT SUN APR 19 2015


...................................

...THE LINCOLN, NEBRASKA CLIMATE SUMMARY FOR APRIL 19 2015...
VALID TODAY AS OF 0400 PM LOCAL TIME.

CLIMATE NORMAL PERIOD 1981 TO 2010
CLIMATE RECORD PERIOD 1887 TO 2015


WEATHER ITEM   OBSERVED TIME   RECORD YEAR NORMAL DEPARTURE LAST
                VALUE   (LST)  VALUE       VALUE  FROM      YEAR
                                                  NORMAL
..................................................................
TEMPERATURE (F)
 TODAY
  MAXIMUM         58   1206 AM  92    1987  66     -8       82
  MINIMUM         51    111 PM  25    2013  40     11       53
                                      1989
  AVERAGE         55                        53      2       68

PRECIPITATION (IN)
  TODAY            0.16          1.54 1916   0.09   0.07     0.00
  MONTH TO DATE    1.69                      1.50   0.19     1.48
  SINCE MAR 1      2.46                      3.43  -0.97     1.61
  SINCE JAN 1      4.30                      4.84  -0.54     2.47

SNOWFALL (IN)
  TODAY            0.0                       0.0    0.0      0.0
  MONTH TO DATE    0.0                       1.1   -1.1      0.5
  SINCE JUL 1     21.9                      25.6   -3.7     18.2
  SNOW DEPTH       0

DEGREE DAYS
 HEATING
  TODAY           10                        13     -3        0
  MONTH TO DATE  187                       299   -112      302
  SINCE MAR 1    855                      1072   -217     1159
  SINCE JUL 1   5542                      5775   -233     6276

 COOLING
  TODAY            0                         1     -1        3
  MONTH TO DATE    3                         2      1        8
  SINCE MAR 1      5                         3      2        8
  SINCE JAN 1      5                         3      2        8
..................................................................


WIND (MPH)
  HIGHEST WIND SPEED    31   HIGHEST WIND DIRECTION    NW (330)
  HIGHEST GUST SPEED    39   HIGHEST GUST DIRECTION     N (340)
  AVERAGE WIND SPEED    12.3


SKY COVER
  POSSIBLE SUNSHINE  MM
  AVERAGE SKY COVER 0.9


WEATHER CONDITIONS
 THE FOLLOWING WEATHER WAS RECORDED TODAY.
  LIGHT RAIN
  FOG


RELATIVE HUMIDITY (PERCENT)
 HIGHEST    93           200 AM
 LOWEST     59           300 PM
 AVERAGE    76

..........................................................


THE LINCOLN, NEBRASKA CLIMATE NORMALS FOR TOMORROW
                         NORMAL    RECORD    YEAR
 MAXIMUM TEMPERATURE (F)   66        95      1902
 MINIMUM TEMPERATURE (F)   41        20      2013


SUNRISE AND SUNSET
APRIL 19 2015.........SUNRISE   642 AM CDT   SUNSET   811 PM CDT
APRIL 20 2015.........SUNRISE   641 AM CDT   SUNSET   812 PM CDT


-  INDICATES NEGATIVE NUMBERS.
R  INDICATES RECORD WAS SET OR TIED.
MM INDICATES DATA IS MISSING.
T  INDICATES TRACE AMOUNT.




$$
