000
CDUS46 KMTR 020027
CLILVK


CLIMATE REPORT
NATIONAL WEATHER SERVICE SAN FRANCISCO BAY AREA
527 PM PDT WED APR 1 2015


...................................

...THE LIVERMORE AIRPORT CLIMATE SUMMARY FOR APRIL 1 2015...
VALID TODAY AS OF 0500 PM LOCAL TIME.

CLIMATE NORMAL PERIOD 1981 TO 2010
CLIMATE RECORD PERIOD 1930 TO 2015


WEATHER ITEM   OBSERVED TIME   RECORD YEAR NORMAL DEPARTURE LAST
                VALUE   (LST)  VALUE       VALUE  FROM      YEAR
                                                  NORMAL
..................................................................
TEMPERATURE (F)
 TODAY
  MAXIMUM         68    249 PM  85    1966  66      2       57
  MINIMUM         39    443 AM  29    1976  43     -4       39
  AVERAGE         54                        54      0       48

PRECIPITATION (IN)
  TODAY            0.00          0.85 1996   0.04  -0.04     0.38
  MONTH TO DATE    0.00                      0.04  -0.04     0.38
  SINCE OCT 1     12.11                     13.86  -1.75     6.27
  SINCE JAN 1      2.49                      8.28  -5.79     4.36

DEGREE DAYS
 HEATING
  TODAY           11                        11      0       17
  MONTH TO DATE   11                        11      0       17
  SINCE MAR 1    161                       368   -207      227
  SINCE JUL 1   1347                      2375  -1028     1741

 COOLING
  TODAY            0                         0      0        0
  MONTH TO DATE    0                         0      0        0
  SINCE MAR 1      6                         1      5        0
  SINCE JAN 1      6                         1      5        0
..................................................................


WIND (MPH)
  RESULTANT WIND SPEED   4   RESULTANT WIND DIRECTION   W (260)
  HIGHEST WIND SPEED    17   HIGHEST WIND DIRECTION     W (260)
  HIGHEST GUST SPEED    20   HIGHEST GUST DIRECTION     W (250)
  AVERAGE WIND SPEED     5.5


SKY COVER
  POSSIBLE SUNSHINE  MM
  AVERAGE SKY COVER 0.0


WEATHER CONDITIONS
 THE FOLLOWING WEATHER WAS RECORDED TODAY.
  NO SIGNIFICANT WEATHER WAS OBSERVED.


RELATIVE HUMIDITY (PERCENT)
 HIGHEST    76           200 AM
 LOWEST     24          1200 PM
 AVERAGE    50

..........................................................


THE LIVERMORE AIRPORT CLIMATE NORMALS FOR TOMORROW
                         NORMAL    RECORD    YEAR
 MAXIMUM TEMPERATURE (F)   66        88      2000
 MINIMUM TEMPERATURE (F)   43        30      1976


SUNRISE AND SUNSET
APRIL  1 2015.........SUNRISE   653 AM PDT   SUNSET   730 PM PDT
APRIL  2 2015.........SUNRISE   651 AM PDT   SUNSET   731 PM PDT


-  INDICATES NEGATIVE NUMBERS.
R  INDICATES RECORD WAS SET OR TIED.
MM INDICATES DATA IS MISSING.
T  INDICATES TRACE AMOUNT.




$$
