000
CDUS45 KBYZ 040933
CLILVM


CLIMATE REPORT
NATIONAL WEATHER SERVICE BILLINGS MT
331 AM MDT MON MAY 4 2015


...................................

...THE LIVINGSTON MT CLIMATE SUMMARY FOR MAY 3 2015...

CLIMATE NORMAL PERIOD 1981 TO 2010
CLIMATE RECORD PERIOD 1948 TO 2015


WEATHER ITEM   OBSERVED TIME   RECORD YEAR NORMAL DEPARTURE LAST
                VALUE   (LST)  VALUE       VALUE  FROM      YEAR
                                                  NORMAL
..................................................................
TEMPERATURE (F)
 YESTERDAY
  MAXIMUM         64    407 PM  82    2000  61      3       47
                                      1966
  MINIMUM         42    539 AM  19    2001  33      9       39
                                      1967
  AVERAGE         53                        47      6       43

PRECIPITATION (IN)
  YESTERDAY        0.00          0.52        0.08  -0.08     0.00
  MONTH TO DATE    0.00                      0.22  -0.22     0.00
  SINCE OCT 1      4.48                      6.19  -1.71     7.01
  SINCE JAN 1      2.69                      3.82  -1.13     4.72

DEGREE DAYS
 HEATING
  YESTERDAY       12                        18     -6       22
  MONTH TO DATE   32                        55    -23       41
  SINCE MAR 1   1260                      1655   -395     1574
  SINCE JUL 1   5874                      7003  -1129     6817

 COOLING
  YESTERDAY        0                         0      0        0
  MONTH TO DATE    0                         0      0        0
  SINCE MAR 1      0                         0      0        0
  SINCE JAN 1      0                         0      0        0
..................................................................


WIND (MPH)
  HIGHEST WIND SPEED    20   HIGHEST WIND DIRECTION     E (70)
  HIGHEST GUST SPEED    25   HIGHEST GUST DIRECTION     E (70)
  AVERAGE WIND SPEED    13.5


SKY COVER
  POSSIBLE SUNSHINE  MM
  AVERAGE SKY COVER 0.1


WEATHER CONDITIONS
 THE FOLLOWING WEATHER WAS RECORDED YESTERDAY.
  NO SIGNIFICANT WEATHER WAS OBSERVED.


RELATIVE HUMIDITY (PERCENT)
 HIGHEST    70           600 AM
 LOWEST     30           200 PM
 AVERAGE    50

..........................................................


THE LIVINGSTON MT CLIMATE NORMALS FOR TODAY
                         NORMAL    RECORD    YEAR
 MAXIMUM TEMPERATURE (F)   61        86      1966
 MINIMUM TEMPERATURE (F)   33        16      1967


SUNRISE AND SUNSET
MAY  4 2015...........SUNRISE   605 AM MDT   SUNSET   833 PM MDT
MAY  5 2015...........SUNRISE   604 AM MDT   SUNSET   834 PM MDT


-  INDICATES NEGATIVE NUMBERS.
R  INDICATES RECORD WAS SET OR TIED.
MM INDICATES DATA IS MISSING.
T  INDICATES TRACE AMOUNT.





&&

THIS IS AN AUTOMATED...UNATTENDED WEATHER STATION AND MAY
UNDERESTIMATE WINTER PRECIPITATION.

$$
