000
CDUS43 KTOP 070635
CLILWC


CLIMATE REPORT
NATIONAL WEATHER SERVICE TOPEKA KS
134 AM CDT THU MAY 7 2015


...................................

...THE LAWRENCE KS CLIMATE SUMMARY FOR MAY 6 2015...

CLIMATE NORMAL PERIOD 1981 TO 2010
CLIMATE RECORD PERIOD 9999 TO 9999


WEATHER ITEM   OBSERVED NORMAL DEPARTURE LAST
                VALUE   VALUE  FROM      YEAR
                               NORMAL
...............................................
TEMPERATURE (F)
 YESTERDAY
  MAXIMUM         73     73      0       89
  MINIMUM         64     50     14       59
  AVERAGE         69     61      8       74

PRECIPITATION (IN)
  YESTERDAY        0.13   0.16  -0.03     0.00
  MONTH TO DATE    0.72   1.04  -0.32     0.00
  SINCE MAR 1      4.24   7.43  -3.19     4.54
  SINCE JAN 1      5.93   9.74  -3.81     5.59

DEGREE DAYS
 HEATING
  YESTERDAY        0      5     -5        0
  MONTH TO DATE    6     34    -28       34
  SINCE MAR 1    849    998   -149     1129
  SINCE JUL 1   5138   5013    125     5555

 COOLING
  YESTERDAY        4      2      2        9
  MONTH TO DATE   24      7     17       17
  SINCE MAR 1     29     30     -1       27
  SINCE JAN 1     29     30     -1       27
...............................................


WIND (MPH)
  HIGHEST WIND SPEED    28   HIGHEST WIND DIRECTION     S (170)
  HIGHEST GUST SPEED    36   HIGHEST GUST DIRECTION     S (160)
  AVERAGE WIND SPEED    15.1


SKY COVER
  AVERAGE SKY COVER 0.8


WEATHER CONDITIONS
 THE FOLLOWING WEATHER WAS RECORDED YESTERDAY.
  THUNDERSTORM
  RAIN
  LIGHT RAIN
  FOG


RELATIVE HUMIDITY (PERCENT)
 HIGHEST    93
 LOWEST     61
 AVERAGE    77

..........................................................


THE LAWRENCE KS CLIMATE NORMALS FOR TODAY
                         NORMAL
 MAXIMUM TEMPERATURE (F)   74
 MINIMUM TEMPERATURE (F)   50


SUNRISE AND SUNSET
MAY  7 2015...........SUNRISE   616 AM CDT   SUNSET   819 PM CDT
MAY  8 2015...........SUNRISE   615 AM CDT   SUNSET   820 PM CDT


-  INDICATES NEGATIVE NUMBERS.
R  INDICATES RECORD WAS SET OR TIED.
MM INDICATES DATA IS MISSING.
T  INDICATES TRACE AMOUNT.




$$
