000
CDUS41 KRNK 180610
CLILYH


CLIMATE REPORT
NATIONAL WEATHER SERVICE BLACKSBURG VA
208 AM EDT SAT APR 18 2015


...................................

...THE LYNCHBURG VA CLIMATE SUMMARY FOR APRIL 17 2015...

CLIMATE NORMAL PERIOD 1981 TO 2010
CLIMATE RECORD PERIOD 1893 TO 2015


WEATHER ITEM   OBSERVED TIME   RECORD YEAR NORMAL DEPARTURE LAST
                VALUE   (LST)  VALUE       VALUE  FROM      YEAR
                                                  NORMAL
..................................................................
TEMPERATURE (F)
 YESTERDAY
  MAXIMUM         78    431 PM  94    2002  69      9       63
  MINIMUM         53    711 AM  27    1904  43     10       32
  AVERAGE         66                        56     10       48

PRECIPITATION (IN)
  YESTERDAY        0.06          2.45 1945   0.11  -0.05     0.00
  MONTH TO DATE    2.56                      1.89   0.67     3.41
  SINCE MAR 1      5.84                      5.47   0.37     6.34
  SINCE JAN 1     10.22                     11.54  -1.32    13.42

SNOWFALL (IN)
  YESTERDAY        0.0
  MONTH TO DATE    0.0
  SINCE MAR 1      2.5
  SINCE JUL 1     22.9
  SNOW DEPTH       0

DEGREE DAYS
 HEATING
  YESTERDAY        0                        10    -10       17
  MONTH TO DATE  133                       200    -67      115
  SINCE MAR 1    743                       795    -52      765
  SINCE JUL 1   4432                      4219    213     4279

 COOLING
  YESTERDAY        1                         1      0        0
  MONTH TO DATE    1                         5     -4       19
  SINCE MAR 1      1                         7     -6       19
  SINCE JAN 1      1                         7     -6       19
..................................................................


WIND (MPH)
  HIGHEST WIND SPEED    13   HIGHEST WIND DIRECTION    SW (210)
  HIGHEST GUST SPEED    16   HIGHEST GUST DIRECTION     S (200)
  AVERAGE WIND SPEED     4.0


SKY COVER
  POSSIBLE SUNSHINE  MM
  AVERAGE SKY COVER 0.5


WEATHER CONDITIONS
 THE FOLLOWING WEATHER WAS RECORDED YESTERDAY.
  LIGHT RAIN
  FOG
  FOG W/VISIBILITY <= 1/4 MILE


RELATIVE HUMIDITY (PERCENT)
 HIGHEST   100           100 AM
 LOWEST     45           300 PM
 AVERAGE    73

..........................................................


THE LYNCHBURG VA CLIMATE NORMALS FOR TODAY
                         NORMAL    RECORD    YEAR
 MAXIMUM TEMPERATURE (F)   69        95      1896
 MINIMUM TEMPERATURE (F)   43        29      1983


SUNRISE AND SUNSET
APRIL 18 2015.........SUNRISE   638 AM EDT   SUNSET   754 PM EDT
APRIL 19 2015.........SUNRISE   637 AM EDT   SUNSET   755 PM EDT


-  INDICATES NEGATIVE NUMBERS.
R  INDICATES RECORD WAS SET OR TIED.
MM INDICATES DATA IS MISSING.
T  INDICATES TRACE AMOUNT.




$$
