000
CDUS42 KTAE 250633
CLIMAI


CLIMATE REPORT
NATIONAL WEATHER SERVICE TALLAHASSEE FL
233 AM EDT SAT APR 25 2015


...................................

...THE MARIANNA CLIMATE SUMMARY FOR APRIL 24 2015...

CLIMATE NORMAL PERIOD 1981 TO 2010
CLIMATE RECORD PERIOD 1950 TO 2015


WEATHER ITEM   OBSERVED NORMAL DEPARTURE LAST
                VALUE   VALUE  FROM      YEAR
                               NORMAL
...............................................
TEMPERATURE (F)
 YESTERDAY
  MAXIMUM         85     82      3       86
  MINIMUM         63     56      7       63
  AVERAGE         74     69      5       75

PRECIPITATION (IN)
  YESTERDAY        0.00   0.09  -0.09     0.00
  MONTH TO DATE    9.64   3.35   6.29     7.65
  SINCE MAR 1     11.94   8.89   3.05    17.49
  SINCE JAN 1     19.12  18.87   0.25    24.82

DEGREE DAYS
 HEATING
  YESTERDAY        0            -1
  MONTH TO DATE    1           -57
  SINCE MAR 1    107          -131
  SINCE JUL 1   1685            42

 COOLING
  YESTERDAY        9             4
  MONTH TO DATE  173            95
  SINCE MAR 1    271           161
  SINCE JAN 1    277           152
...............................................


WIND (MPH)
  HIGHEST WIND SPEED    15   HIGHEST WIND DIRECTION    NE (50)
  HIGHEST GUST SPEED    17   HIGHEST GUST DIRECTION    NE (50)
  AVERAGE WIND SPEED     4.8




RELATIVE HUMIDITY (PERCENT)
 HIGHEST    90
 LOWEST     36
 AVERAGE    63

..........................................................




SUNRISE AND SUNSET
APRIL 25 2015.........SUNRISE   603 AM CDT   SUNSET   715 PM CDT
APRIL 26 2015.........SUNRISE   602 AM CDT   SUNSET   716 PM CDT


-  INDICATES NEGATIVE NUMBERS.
R  INDICATES RECORD WAS SET OR TIED.
MM INDICATES DATA IS MISSING.
T  INDICATES TRACE AMOUNT.




$$
