000
CDUS43 KEAX 070644
CLIMCI

CLIMATE REPORT
NATIONAL WEATHER SERVICE KANSAS CITY/PLEASANT HILL MO
135 AM CDT THU MAY 7 2015


...................................

...THE KANSAS CITY INTERNATIONAL MO CLIMATE SUMMARY FOR MAY 6 2015...

CLIMATE NORMAL PERIOD 1981 TO 2010
CLIMATE RECORD PERIOD 1888 TO 2015


WEATHER ITEM   OBSERVED TIME   RECORD YEAR NORMAL DEPARTURE LAST
                VALUE   (LST)  VALUE       VALUE  FROM      YEAR
                                                  NORMAL
..................................................................
TEMPERATURE (F)
 YESTERDAY
  MAXIMUM         74    149 PM  89    2004  72      2       85
                                      1970
  MINIMUM         63    333 PM  32    1944  51     12       59
  AVERAGE         69                        62      7       72

PRECIPITATION (IN)
  YESTERDAY        0.01          2.63 1910   0.16  -0.15     0.00
  MONTH TO DATE    0.72                      1.00  -0.28      T
  SINCE MAR 1      4.89                      7.07  -2.18     5.54
  SINCE JAN 1      7.07                      9.60  -2.53     7.29

SNOWFALL (IN)
  YESTERDAY        0.0           0.0    MM   0.0    0.0      0.0
  MONTH TO DATE    0.0                       0.0    0.0      0.0
  SINCE MAR 1      T                         2.6   -2.6      3.6
  SINCE JUL 1     14.2                      18.8   -4.6     26.2
  SNOW DEPTH       0

DEGREE DAYS
 HEATING
  YESTERDAY        0                         5     -5        0
  MONTH TO DATE    5                        33    -28       28
  SINCE MAR 1    811                      1008   -197     1134
  SINCE JUL 1   5025                      5053    -28     5700

 COOLING
  YESTERDAY        4                         1      3        7
  MONTH TO DATE   22                         6     16       15
  SINCE MAR 1     31                        34     -3       24
  SINCE JAN 1     31                        34     -3       24
..................................................................


WIND (MPH)
  HIGHEST WIND SPEED    31   HIGHEST WIND DIRECTION     S (170)
  HIGHEST GUST SPEED    38   HIGHEST GUST DIRECTION     S (180)
  AVERAGE WIND SPEED    18.0


SKY COVER
  POSSIBLE SUNSHINE  MM
  AVERAGE SKY COVER 0.8


WEATHER CONDITIONS
 THE FOLLOWING WEATHER WAS RECORDED YESTERDAY.
  THUNDERSTORM
  LIGHT RAIN


RELATIVE HUMIDITY (PERCENT)
 HIGHEST    87          1200 AM
 LOWEST     57          1000 PM
 AVERAGE    72

..........................................................


THE KANSAS CITY INTERNATIONAL MO CLIMATE NORMALS FOR TODAY
                         NORMAL    RECORD    YEAR
 MAXIMUM TEMPERATURE (F)   72        92      1934
 MINIMUM TEMPERATURE (F)   52        34      1989


SUNRISE AND SUNSET
MAY  7 2015...........SUNRISE   614 AM CDT   SUNSET   818 PM CDT
MAY  8 2015...........SUNRISE   612 AM CDT   SUNSET   819 PM CDT


-  INDICATES NEGATIVE NUMBERS.
R  INDICATES RECORD WAS SET OR TIED.
MM INDICATES DATA IS MISSING.
T  INDICATES TRACE AMOUNT.




&&

...MISCELLANEOUS CLIMATE DATA FROM YESTERDAY...

LOCATION                HIGH    LOW      PRECIP
ST. JOSEPH               75      63       0.03
DOWNTOWN KANSAS CITY     77      65       0.02
OLATHE NEW CENTURY       75      62       0.09
OLATHE JO CO EXEC        75      62       0.13
LEES SUMMIT              75      64       0.13
KIRKSVILLE               79      61       0.02
CHILLICOTHE              74      65       0.01
SEDALIA                  80      61       0.02
NWS PLEASANT HILL MO     76      64       0.02


THIS PRODUCT...ALONG WITH OTHER WEATHER...HYDROLOGICAL AND CLIMATE
INFORMATION...IS AVAILABLE ON THE WEB AT HTTP://WWW.CRH.NOAA.GOV/EAX
OR AT HTTP://WEATHER.GOV

$$
