000
CDUS42 KFFC 020035
CLIMCN


CLIMATE REPORT
NATIONAL WEATHER SERVICE PEACHTREE CITY GA
835 PM EDT WED APR 1 2015


...................................

...THE MACON CLIMATE SUMMARY FOR APRIL 1 2015...
VALID AS OF 0800 PM LOCAL TIME.

CLIMATE NORMAL PERIOD 1981 TO 2010
CLIMATE RECORD PERIOD 1899 TO 2015


WEATHER ITEM   OBSERVED TIME   RECORD YEAR NORMAL DEPARTURE LAST
                VALUE   (LST)  VALUE       VALUE  FROM      YEAR
                                                  NORMAL
..................................................................
TEMPERATURE (F)
 TODAY
  MAXIMUM         83    503 PM  88    1927  73     10       83
  MINIMUM         54    257 AM  29    1987  47      7       42
  AVERAGE         69                        60      9       63

PRECIPITATION (IN)
  TODAY            0.06          2.63 1981   0.13  -0.07     0.00
  MONTH TO DATE    0.06                      0.13  -0.07     0.00
  SINCE MAR 1      2.34                      4.68  -2.34     3.93
  SINCE JAN 1      9.14                     13.28  -4.14    11.76

SNOWFALL (IN)
  TODAY            0.0           0.0  2002   0.0    0.0      0.0
                                      2000
                                      2001
  MONTH TO DATE    0.0                       0.0    0.0      0.0
  SINCE MAR 1      0.0                       0.2   -0.2      0.0
  SINCE JUL 1      0.0                       0.7   -0.7      2.1
  SNOW DEPTH       0

DEGREE DAYS
 HEATING
  TODAY            0                         6     -6        2
  MONTH TO DATE    0                         6     -6        2
  SINCE MAR 1    208                       278    -70      373
  SINCE JUL 1   2421                      2203    218     2506

 COOLING
  TODAY            4                         1      3        0
  MONTH TO DATE    4                         1      3        0
  SINCE MAR 1     16                        19     -3        0
  SINCE JAN 1     16                        22     -6        1
..................................................................


WIND (MPH)
  HIGHEST WIND SPEED    14   HIGHEST WIND DIRECTION     N (10)
  HIGHEST GUST SPEED    17   HIGHEST GUST DIRECTION    NE (30)
  AVERAGE WIND SPEED     3.5


SKY COVER
  AVERAGE SKY COVER 0.3


WEATHER CONDITIONS
 THE FOLLOWING WEATHER WAS RECORDED TODAY.
  LIGHT RAIN
  FOG


RELATIVE HUMIDITY (PERCENT)
 HIGHEST   100           400 AM
 LOWEST     42           300 PM

..........................................................


THE MACON CLIMATE NORMALS FOR TOMORROW
                         NORMAL    RECORD
 MAXIMUM TEMPERATURE (F)   74        88
 MINIMUM TEMPERATURE (F)   47        32


SUNRISE AND SUNSET
APRIL  1 2015.........SUNRISE   723 AM EDT   SUNSET   755 PM EDT
APRIL  2 2015.........SUNRISE   722 AM EDT   SUNSET   755 PM EDT


-  INDICATES NEGATIVE NUMBERS.
R  INDICATES RECORD WAS SET OR TIED.
MM INDICATES DATA IS MISSING.
T  INDICATES TRACE AMOUNT.




$$
