000
CDUS41 KCTP 050619
CLIMDT


CLIMATE REPORT
NATIONAL WEATHER SERVICE STATE COLLEGE PA
218 AM EDT TUE MAY 5 2015


...................................

...THE HARRISBURG PA CLIMATE SUMMARY FOR MAY 4 2015...

CLIMATE NORMAL PERIOD 1981 TO 2010
CLIMATE RECORD PERIOD 1888 TO 2015


WEATHER ITEM   OBSERVED TIME   RECORD YEAR NORMAL DEPARTURE LAST
                VALUE   (LST)  VALUE       VALUE  FROM      YEAR
                                                  NORMAL
..................................................................
TEMPERATURE (F)
 YESTERDAY
  MAXIMUM         84    438 PM  91    1949  69     15       64
  MINIMUM         51    528 AM  35    2002  48      3       45
  AVERAGE         68                        58     10       55

PRECIPITATION (IN)
  YESTERDAY        0.00          1.58 1893   0.13  -0.13      T
  MONTH TO DATE    0.00                      0.50  -0.50     0.18
  SINCE MAR 1      5.63                      6.97  -1.34     9.97
  SINCE JAN 1      9.22                     12.24  -3.02    16.68

SNOWFALL (IN)
  YESTERDAY        0.0           0.0  2002   0.0    0.0      0.0
                                      2001
  MONTH TO DATE    0.0                       0.0    0.0      0.0
  SINCE MAR 1     11.8                       5.6    6.2      1.4
  SINCE JUL 1     39.2                      30.6    8.6     44.0
  SNOW DEPTH       0

DEGREE DAYS
 HEATING
  YESTERDAY        0                         7     -7       10
  MONTH TO DATE   11                        31    -20       31
  SINCE MAR 1   1250                      1146    104     1306
  SINCE JUL 1   5553                      5134    419     5650

 COOLING
  YESTERDAY        3                         1      2        0
  MONTH TO DATE    3                         4     -1        0
  SINCE MAR 1      3                        11     -8        6
  SINCE JAN 1      3                        11     -8        6
..................................................................


WIND (MPH)
  HIGHEST WIND SPEED    21   HIGHEST WIND DIRECTION    SW (220)
  HIGHEST GUST SPEED    35   HIGHEST GUST DIRECTION    SW (220)
  AVERAGE WIND SPEED     5.6


SKY COVER
  POSSIBLE SUNSHINE  MM
  AVERAGE SKY COVER 0.3


WEATHER CONDITIONS
 THE FOLLOWING WEATHER WAS RECORDED YESTERDAY.
  HAZE


RELATIVE HUMIDITY (PERCENT)
 HIGHEST    83           600 AM
 LOWEST     24           200 PM
 AVERAGE    54

..........................................................


THE HARRISBURG PA CLIMATE NORMALS FOR TODAY
                         NORMAL    RECORD    YEAR
 MAXIMUM TEMPERATURE (F)   69        93      1949
 MINIMUM TEMPERATURE (F)   48        34      1966


SUNRISE AND SUNSET
MAY  5 2015...........SUNRISE   602 AM EDT   SUNSET   806 PM EDT
MAY  6 2015...........SUNRISE   601 AM EDT   SUNSET   807 PM EDT


-  INDICATES NEGATIVE NUMBERS.
R  INDICATES RECORD WAS SET OR TIED.
MM INDICATES DATA IS MISSING.
T  INDICATES TRACE AMOUNT.




$$
