000
CDUS44 KMEG 060639
CLIMEG


CLIMATE REPORT
NATIONAL WEATHER SERVICE MEMPHIS TN
139 AM CDT WED MAY 6 2015


...................................

...THE MEMPHIS/GERMANTOWN WFO CLIMATE SUMMARY FOR MAY 5 2015...

CLIMATE NORMAL PERIOD 1981 TO 2010
CLIMATE RECORD PERIOD 1988 TO 2015


WEATHER ITEM   OBSERVED TIME   RECORD YEAR NORMAL DEPARTURE LAST
                VALUE   (LST)  VALUE       VALUE  FROM      YEAR
                                                  NORMAL
..................................................................
TEMPERATURE (F)
 YESTERDAY
  MAXIMUM         87        MM  92    2012  78      9       87
  MINIMUM         61        MM  41    2011  56      5       64
  AVERAGE         74                        66      8       76

PRECIPITATION (IN)
  YESTERDAY        0.00          2.06 1999   0.22  -0.22     0.00
  MONTH TO DATE    0.00                      1.07  -1.07     0.00
  SINCE MAR 1     10.08                     11.34  -1.26    12.10
  SINCE JAN 1     16.16                     19.97  -3.81    20.72

SNOWFALL (IN)
  YESTERDAY        0.0          MM      MM   0.0    0.0      0.0
  MONTH TO DATE    0.0                       0.0    0.0      0.0
  SINCE MAR 1      4.1                       0.8    3.3      0.3
  SINCE JUL 1      6.3                       2.4    3.9      0.8
  SNOW DEPTH       0

DEGREE DAYS
 HEATING
  YESTERDAY        0                         2     -2        0
  MONTH TO DATE    9                        13     -4       18
  SINCE MAR 1    536                       640   -104      700
  SINCE JUL 1   3443                      3386     57     3704

 COOLING
  YESTERDAY        9                         4      5       11
  MONTH TO DATE   21                        17      4       19
  SINCE MAR 1     98                        82     16       67
  SINCE JAN 1     98                        83     15       67
..................................................................







THE MEMPHIS/GERMANTOWN WFO CLIMATE NORMALS FOR TODAY
                         NORMAL    RECORD    YEAR
 MAXIMUM TEMPERATURE (F)   78        94      2012
 MINIMUM TEMPERATURE (F)   56        42      1992


SUNRISE AND SUNSET
MAY  6 2015...........SUNRISE   603 AM CDT   SUNSET   749 PM CDT
MAY  7 2015...........SUNRISE   602 AM CDT   SUNSET   750 PM CDT


-  INDICATES NEGATIVE NUMBERS.
R  INDICATES RECORD WAS SET OR TIED.
MM INDICATES DATA IS MISSING.
T  INDICATES TRACE AMOUNT.




$$
