000
CDUS44 KBRO 030636
CLIMFE


CLIMATE REPORT
NATIONAL WEATHER SERVICE BROWNSVILLE TX
135 AM CDT SUN MAY 3 2015


...................................

...THE MCALLEN CLIMATE SUMMARY FOR MAY 2 2015...

CLIMATE NORMAL PERIOD 1981 TO 2010
CLIMATE RECORD PERIOD 1941 TO 2015


WEATHER ITEM   OBSERVED TIME   RECORD YEAR NORMAL DEPARTURE LAST
                VALUE   (LST)  VALUE       VALUE  FROM      YEAR
                                                  NORMAL
..................................................................
TEMPERATURE (F)
 YESTERDAY
  MAXIMUM         87    417 PM 106    1948  89     -2       82
  MINIMUM         65    624 AM  54    1976  70     -5       59
  AVERAGE         76                        79     -3

PRECIPITATION (IN)
  YESTERDAY        0.00          1.64 1972   0.07  -0.07      T
  MONTH TO DATE    0.00                      0.13  -0.13      T
  SINCE MAR 1      5.98                      2.50   3.48     1.20
  SINCE JAN 1      6.57                      4.66   1.91     2.08

SNOWFALL (IN)
  YESTERDAY        0.0
  MONTH TO DATE    0.0
  SINCE MAR 1      0.0
  SINCE JUL 1      0.0

DEGREE DAYS
 HEATING
  YESTERDAY        0                         0      0        0
  MONTH TO DATE    0                         0      0        0
  SINCE MAR 1     66                        46     20      107
  SINCE JUL 1    756                       579    177      883

 COOLING
  YESTERDAY       11                        14     -3        6
  MONTH TO DATE   21                        28     -7       13
  SINCE MAR 1    617                       600     17      498
  SINCE JAN 1    702                       759    -57      626
..................................................................


WIND (MPH)
  HIGHEST WIND SPEED    18   HIGHEST WIND DIRECTION    SE (130)
  HIGHEST GUST SPEED    23   HIGHEST GUST DIRECTION    SE (130)
  AVERAGE WIND SPEED     8.5



WEATHER CONDITIONS
 THE FOLLOWING WEATHER WAS RECORDED YESTERDAY.
  NO SIGNIFICANT WEATHER WAS OBSERVED.


RELATIVE HUMIDITY (PERCENT)
 HIGHEST    87
 LOWEST     36
 AVERAGE    62

..........................................................


THE MCALLEN CLIMATE NORMALS FOR TODAY
                         NORMAL    RECORD    YEAR
 MAXIMUM TEMPERATURE (F)   89       104      1984
 MINIMUM TEMPERATURE (F)   70        51      2004


SUNRISE AND SUNSET
MAY  3 2015...........SUNRISE   654 AM CDT   SUNSET   806 PM CDT
MAY  4 2015...........SUNRISE   654 AM CDT   SUNSET   806 PM CDT


-  INDICATES NEGATIVE NUMBERS.
R  INDICATES RECORD WAS SET OR TIED.
MM INDICATES DATA IS MISSING.
T  INDICATES TRACE AMOUNT.




$$
