000
CDUS41 KPBZ 210726
CLIMGW


CLIMATE REPORT
NATIONAL WEATHER SERVICE PITTSBURGH PA
326 AM EDT TUE APR 21 2015


...................................

...THE MORGANTOWN WV CLIMATE SUMMARY FOR APRIL 20 2015...

CLIMATE NORMAL PERIOD 1981 TO 2010
CLIMATE RECORD PERIOD 1948 TO 2015


WEATHER ITEM   OBSERVED TIME   RECORD YEAR NORMAL DEPARTURE LAST
                VALUE   (LST)  VALUE       VALUE  FROM      YEAR
                                                  NORMAL
..................................................................
TEMPERATURE (F)
 YESTERDAY
  MAXIMUM         77    248 PM  90    1976  66     11       74
  MINIMUM         51   1159 PM  28    1997  43      8       50
  AVERAGE         64                        54     10       62

PRECIPITATION (IN)
  YESTERDAY        0.22         MM      MM   0.11   0.11     0.00
  MONTH TO DATE    4.68                      2.33   2.35     2.02
  SINCE JUN 1     41.39                     36.03   5.36    38.38
  SINCE JAN 1     15.16                     11.39   3.77     9.95

DEGREE DAYS
 HEATING
  YESTERDAY        1                        11    -10        3
  MONTH TO DATE  155                       283   -128      216
  SINCE MAR 1    917                       995    -78     1079
  SINCE JUL 1   5041                      4884    157     5205

 COOLING
  YESTERDAY        0                         1     -1        0
  MONTH TO DATE    8                         2      6       18
  SINCE MAR 1      8                         4      4       18
  SINCE JAN 1      8                         4      4       18
..................................................................


WIND (MPH)
  HIGHEST WIND SPEED    26   HIGHEST WIND DIRECTION     W (280)
  HIGHEST GUST SPEED    36   HIGHEST GUST DIRECTION    NW (300)
  AVERAGE WIND SPEED     9.3


SKY COVER
  POSSIBLE SUNSHINE  MM
  AVERAGE SKY COVER 0.8


WEATHER CONDITIONS
 THE FOLLOWING WEATHER WAS RECORDED YESTERDAY.
  LIGHT RAIN


RELATIVE HUMIDITY (PERCENT)
 HIGHEST    80           500 AM
 LOWEST     31           400 PM
 AVERAGE    56

..........................................................


THE MORGANTOWN WV CLIMATE NORMALS FOR TODAY
                         NORMAL    RECORD    YEAR
 MAXIMUM TEMPERATURE (F)   66        88      1954
 MINIMUM TEMPERATURE (F)   43        28      1956


SUNRISE AND SUNSET
APRIL 21 2015.........SUNRISE   634 AM EDT   SUNSET   803 PM EDT
APRIL 22 2015.........SUNRISE   633 AM EDT   SUNSET   804 PM EDT


-  INDICATES NEGATIVE NUMBERS.
R  INDICATES RECORD WAS SET OR TIED.
MM INDICATES DATA IS MISSING.
T  INDICATES TRACE AMOUNT.




$$
