000
CDUS42 KMFL 070823
CLIMIA


CLIMATE REPORT
NATIONAL WEATHER SERVICE MIAMI, FL
423 AM EDT THU MAY 7 2015


...................................

...THE MIAMI CLIMATE SUMMARY FOR MAY 6 2015...

CLIMATE NORMAL PERIOD 1981 TO 2010
CLIMATE RECORD PERIOD 1895 TO 2015


WEATHER ITEM   OBSERVED TIME   RECORD YEAR NORMAL DEPARTURE LAST
                VALUE   (LST)  VALUE       VALUE  FROM      YEAR
                                                  NORMAL
..................................................................
TEMPERATURE (F)
 YESTERDAY
  MAXIMUM         86    353 PM  93    2010  86      0       86
  MINIMUM         69    644 AM  53    1945  71     -2       69
  AVERAGE         78                        79     -1       78

PRECIPITATION (IN)
  YESTERDAY        T             3.19 1925   0.11  -0.11     0.00
  MONTH TO DATE    0.38                      0.64  -0.26     0.29
  SINCE NOV 1     13.47                     15.96  -2.49    17.55
  SINCE JAN 1      9.49                     10.65  -1.16     7.15

SNOWFALL (IN)
  YESTERDAY        0.0
  MONTH TO DATE    0.0
  SINCE MAR 1      0.0
  SINCE JUL 1      0.0
  SNOW DEPTH       0

DEGREE DAYS
 HEATING
  YESTERDAY        0                         0      0        0
  MONTH TO DATE    0                         0      0        0
  SINCE MAR 1      0                        12    -12        0
  SINCE JUL 1     76                       128    -52       61

 COOLING
  YESTERDAY       13                        14     -1       13
  MONTH TO DATE   68                        79    -11       91
  SINCE MAR 1    908                       650    258      751
  SINCE JAN 1   1247                       972    275     1172
..................................................................


WIND (MPH)
  HIGHEST WIND SPEED    15   HIGHEST WIND DIRECTION     E (90)
  HIGHEST GUST SPEED    19   HIGHEST GUST DIRECTION     E (90)
  AVERAGE WIND SPEED     6.4


SKY COVER
  POSSIBLE SUNSHINE  45 PERCENT
  AVERAGE SKY COVER 0.5


WEATHER CONDITIONS
 THE FOLLOWING WEATHER WAS RECORDED YESTERDAY.
  LIGHT RAIN


RELATIVE HUMIDITY (PERCENT)
 HIGHEST    90
 LOWEST     44
 AVERAGE    67

..........................................................


THE MIAMI CLIMATE NORMALS FOR TODAY
                         NORMAL    RECORD    YEAR
 MAXIMUM TEMPERATURE (F)   86        92      1989
                                             1955
                                             1948
 MINIMUM TEMPERATURE (F)   72        53      1945


SUNRISE AND SUNSET
MAY  7 2015...........SUNRISE   640 AM EDT   SUNSET   755 PM EDT
MAY  8 2015...........SUNRISE   640 AM EDT   SUNSET   756 PM EDT


-  INDICATES NEGATIVE NUMBERS.
R  INDICATES RECORD WAS SET OR TIED.
MM INDICATES DATA IS MISSING.
T  INDICATES TRACE AMOUNT.




$$
