000
CDUS43 KGRR 280521
CLIMKG


CLIMATE REPORT
NATIONAL WEATHER SERVICE GRAND RAPIDS, MI
120 AM EDT TUE APR 28 2015


...................................

...THE MUSKEGON MI CLIMATE SUMMARY FOR APRIL 27 2015...

CLIMATE NORMAL PERIOD 1981 TO 2010
CLIMATE RECORD PERIOD 1896 TO 2015


WEATHER ITEM   OBSERVED TIME   RECORD YEAR NORMAL DEPARTURE LAST
                VALUE   (LST)  VALUE       VALUE  FROM      YEAR
                                                  NORMAL
..................................................................
TEMPERATURE (F)
 YESTERDAY
  MAXIMUM         55    609 PM  85    1899  61     -6       57
  MINIMUM         39   1050 PM  18    1934  41     -2       41
  AVERAGE         47                        51     -4       49

PRECIPITATION (IN)
  YESTERDAY        0.00          1.17 1948   0.10  -0.10      T
  MONTH TO DATE    4.72                      2.61   2.11     2.15
  SINCE MAR 1      5.85                      4.86   0.99     3.82
  SINCE JAN 1      9.14                      8.72   0.42     8.95

SNOWFALL (IN)
  YESTERDAY        0.0           T    2004   0.0    0.0      0.0
                                      1988
                                      1976
  MONTH TO DATE    T                         2.3   -2.3      1.6
  SINCE MAR 1      4.0                      11.3   -7.3      9.1
  SINCE JUL 1     92.1                      93.7   -1.6    132.7
  SNOW DEPTH       0

DEGREE DAYS
 HEATING
  YESTERDAY       18                        14      4       16
  MONTH TO DATE  485                       515    -30      538
  SINCE MAR 1   1492                      1445     47     1726
  SINCE JUL 1   6617                      6177    440     6866

 COOLING
  YESTERDAY        0                         0      0        0
  MONTH TO DATE    0                         0      0        0
  SINCE MAR 1      0                         0      0        0
  SINCE JAN 1      0                         0      0        0
..................................................................


WIND (MPH)
  RESULTANT WIND SPEED   8   RESULTANT WIND DIRECTION  NW (330)
  HIGHEST WIND SPEED    21   HIGHEST WIND DIRECTION     N (350)
  HIGHEST GUST SPEED    24   HIGHEST GUST DIRECTION     N (350)
  AVERAGE WIND SPEED     9.1


SKY COVER
  AVERAGE SKY COVER 0.5


WEATHER CONDITIONS
 THE FOLLOWING WEATHER WAS RECORDED YESTERDAY.
  NO SIGNIFICANT WEATHER WAS OBSERVED.


RELATIVE HUMIDITY (PERCENT)
 HIGHEST    76           600 AM
 LOWEST     46          1200 PM
 AVERAGE    61

..........................................................


THE MUSKEGON MI CLIMATE NORMALS FOR TODAY
                         NORMAL    RECORD    YEAR
 MAXIMUM TEMPERATURE (F)   61        80      1990
 MINIMUM TEMPERATURE (F)   42        25      1947


SUNRISE AND SUNSET
APRIL 28 2015.........SUNRISE   643 AM EDT   SUNSET   843 PM EDT
APRIL 29 2015.........SUNRISE   642 AM EDT   SUNSET   844 PM EDT


-  INDICATES NEGATIVE NUMBERS.
R  INDICATES RECORD WAS SET OR TIED.
MM INDICATES DATA IS MISSING.
T  INDICATES TRACE AMOUNT.




$$
