000
CDUS42 KMLB 040635
CLIMLB


CLIMATE REPORT
NATIONAL WEATHER SERVICE MELBOURNE FL
235 AM EDT MON MAY 4 2015


...................................

...THE MELBOURNE CLIMATE SUMMARY FOR MAY 3 2015...

CLIMATE NORMAL PERIOD 1981 TO 2010
CLIMATE RECORD PERIOD 1939 TO 2015


WEATHER ITEM   OBSERVED TIME   RECORD YEAR NORMAL DEPARTURE LAST
                VALUE   (LST)  VALUE       VALUE  FROM      YEAR
                                                  NORMAL
..................................................................
TEMPERATURE (F)
 YESTERDAY
  MAXIMUM         82    126 PM  93    1997  84     -2       76
  MINIMUM         63    625 AM  54    2006  64     -1       64
  AVERAGE         73                        74     -1       70

PRECIPITATION (IN)
  YESTERDAY        0.00          3.30 1960   0.06  -0.06     1.41
  MONTH TO DATE    0.00                      0.18  -0.18     2.72
  SINCE MAR 1      4.17                      5.59  -1.42     8.31
  SINCE JAN 1     10.28                     10.39  -0.11    15.37

SNOWFALL (IN)
  YESTERDAY        0.0
  MONTH TO DATE    0.0
  SINCE JUL 1      0.0

DEGREE DAYS
 HEATING
  YESTERDAY        0                         0      0        0
  MONTH TO DATE    0                         0      0        0
  SINCE MAR 1     14                        87    -73       52
  SINCE JUL 1    424                       576   -152      358

 COOLING
  YESTERDAY        8                         9     -1        5
  MONTH TO DATE   21                        26     -5       33
  SINCE MAR 1    632                       303    329      376
  SINCE JAN 1    730                       401    329      544
..................................................................


WIND (MPH)
  HIGHEST WIND SPEED    17   HIGHEST WIND DIRECTION     E (100)
  HIGHEST GUST SPEED    25   HIGHEST GUST DIRECTION     E (90)
  AVERAGE WIND SPEED    10.5


SKY COVER
  AVERAGE SKY COVER 0.3


WEATHER CONDITIONS
 THE FOLLOWING WEATHER WAS RECORDED YESTERDAY.
  NO SIGNIFICANT WEATHER WAS OBSERVED.


RELATIVE HUMIDITY (PERCENT)
 HIGHEST    61           100 AM
 LOWEST     39           200 PM
 AVERAGE    50

..........................................................


THE MELBOURNE CLIMATE NORMALS FOR TODAY
                         NORMAL    RECORD    YEAR
 MAXIMUM TEMPERATURE (F)   84        94      1984
 MINIMUM TEMPERATURE (F)   64        51      1999


SUNRISE AND SUNSET
MAY  4 2015...........SUNRISE   640 AM EDT   SUNSET   759 PM EDT
MAY  5 2015...........SUNRISE   640 AM EDT   SUNSET   759 PM EDT


-  INDICATES NEGATIVE NUMBERS.
R  INDICATES RECORD WAS SET OR TIED.
MM INDICATES DATA IS MISSING.
T  INDICATES TRACE AMOUNT.




$$
