000
CDUS41 KCAR 060530
CLIMLT


CLIMATE REPORT
NATIONAL WEATHER SERVICE CARIBOU, ME
130 AM EDT WED MAY 6 2015


...................................

...THE MILLINOCKET ME CLIMATE SUMMARY FOR MAY 5 2015...

CLIMATE NORMAL PERIOD 1981 TO 2010
CLIMATE RECORD PERIOD 1903 TO 2015


WEATHER ITEM   OBSERVED TIME   RECORD YEAR NORMAL DEPARTURE LAST
                VALUE   (LST)  VALUE       VALUE  FROM      YEAR
                                                  NORMAL
..................................................................
TEMPERATURE (F)
 YESTERDAY
  MAXIMUM         69    250 PM  87    1944  61      8       58
  MINIMUM         46   1146 PM  22    1911  39      7       43
  AVERAGE         58                        50      8       51

PRECIPITATION (IN)
  YESTERDAY        T             0.76 1946   0.12  -0.12      T
  MONTH TO DATE    T                         0.57  -0.57     1.17
  SINCE MAR 1      3.75                      7.19  -3.44     6.48
  SINCE JAN 1      6.98                     12.30  -5.32    11.67

SNOWFALL (IN)
  YESTERDAY       MM            MM      MM  MM     MM       MM
  MONTH TO DATE   MM                        MM     MM       MM
  SINCE MAR 1     MM                        MM     MM       MM
  SINCE JUL 1     MM                        MM     MM       MM
  SNOW DEPTH      MM

DEGREE DAYS
 HEATING
  YESTERDAY        7                        15     -8       14
  MONTH TO DATE   45                        80    -35       84
  SINCE MAR 1   2052                      1949    103     2194
  SINCE JUL 1   8097                      8001     96     8232

 COOLING
  YESTERDAY        0                         0      0        0
  MONTH TO DATE    0                         0      0        0
  SINCE MAR 1      0                         0      0        0
  SINCE JAN 1      0                         0      0        0
..................................................................


WIND (MPH)
  HIGHEST WIND SPEED    26   HIGHEST WIND DIRECTION    NW (320)
  HIGHEST GUST SPEED    35   HIGHEST GUST DIRECTION    NW (310)
  AVERAGE WIND SPEED    10.5


SKY COVER
  POSSIBLE SUNSHINE  MM
  AVERAGE SKY COVER 0.3


WEATHER CONDITIONS
 THE FOLLOWING WEATHER WAS RECORDED YESTERDAY.
  NO SIGNIFICANT WEATHER WAS OBSERVED.


RELATIVE HUMIDITY (PERCENT)
 HIGHEST    75           500 AM
 LOWEST     15           200 PM
 AVERAGE    45

..........................................................


THE MILLINOCKET ME CLIMATE NORMALS FOR TODAY
                         NORMAL    RECORD    YEAR
 MAXIMUM TEMPERATURE (F)   61        86      1913
 MINIMUM TEMPERATURE (F)   39        25      1956


SUNRISE AND SUNSET
MAY  6 2015...........SUNRISE   516 AM EDT   SUNSET   748 PM EDT
MAY  7 2015...........SUNRISE   514 AM EDT   SUNSET   749 PM EDT


-  INDICATES NEGATIVE NUMBERS.
R  INDICATES RECORD WAS SET OR TIED.
MM INDICATES DATA IS MISSING.
T  INDICATES TRACE AMOUNT.




$$
