000
CDUS44 KSHV 030733
CLIMLU


CLIMATE REPORT
NATIONAL WEATHER SERVICE SHREVEPORT, LA
233 AM CDT SUN MAY 3 2015


...................................

...THE MONROE CLIMATE SUMMARY FOR MAY 2 2015...

CLIMATE NORMAL PERIOD 1981 TO 2010
CLIMATE RECORD PERIOD 1930 TO 2015


WEATHER ITEM   OBSERVED TIME   RECORD YEAR NORMAL DEPARTURE LAST
                VALUE   (LST)  VALUE       VALUE  FROM      YEAR
                                                  NORMAL
..................................................................
TEMPERATURE (F)
 YESTERDAY
  MAXIMUM         82    401 PM  91    2002  82      0       77
  MINIMUM         50    549 AM  45    1976  59     -9       51
  AVERAGE         66                        70     -4       64

PRECIPITATION (IN)
  YESTERDAY        0.00          1.46 1973   0.17  -0.17     0.00
  MONTH TO DATE    0.00                      0.33  -0.33     0.00
  SINCE DEC 1     22.95                     24.48  -1.53    20.41
  SINCE JAN 1     18.47                     19.19  -0.72    17.15

SNOWFALL (IN)
  YESTERDAY        0.0
  MONTH TO DATE    0.0
  SINCE MAR 1      0.4
  SINCE JUL 1      3.9
  SNOW DEPTH       0

DEGREE DAYS
 HEATING
  YESTERDAY        0                         1     -1        1
  MONTH TO DATE    0                         2     -2        9
  SINCE MAR 1    308                       332    -24      499
  SINCE JUL 1   2512                      2226    286     2825

 COOLING
  YESTERDAY        1                         6     -5        0
  MONTH TO DATE    3                        12     -9        0
  SINCE MAR 1    147                       148     -1       86
  SINCE JAN 1    147                       159    -12       88
..................................................................


WIND (MPH)
  HIGHEST WIND SPEED    10   HIGHEST WIND DIRECTION     W (290)
  HIGHEST GUST SPEED    20   HIGHEST GUST DIRECTION     W (270)
  AVERAGE WIND SPEED     2.2


SKY COVER
  POSSIBLE SUNSHINE  MM
  AVERAGE SKY COVER 0.0


WEATHER CONDITIONS
 THE FOLLOWING WEATHER WAS RECORDED YESTERDAY.
  NO SIGNIFICANT WEATHER WAS OBSERVED.


RELATIVE HUMIDITY (PERCENT)
 HIGHEST    89           400 AM
 LOWEST     33           100 PM
 AVERAGE    61

..........................................................


THE MONROE CLIMATE NORMALS FOR TODAY
                         NORMAL    RECORD    YEAR
 MAXIMUM TEMPERATURE (F)   82        91      2010
 MINIMUM TEMPERATURE (F)   59        41      2013


SUNRISE AND SUNSET
MAY  3 2015...........SUNRISE   620 AM CDT   SUNSET   751 PM CDT
MAY  4 2015...........SUNRISE   619 AM CDT   SUNSET   751 PM CDT


-  INDICATES NEGATIVE NUMBERS.
R  INDICATES RECORD WAS SET OR TIED.
MM INDICATES DATA IS MISSING.
T  INDICATES TRACE AMOUNT.




$$
