000
CDUS41 KBTV 040548
CLIMPV


CLIMATE REPORT
NATIONAL WEATHER SERVICE BURLINGTON VT
145 AM EDT MON MAY 4 2015


...................................

...THE MONTPELIER VT CLIMATE SUMMARY FOR MAY 3 2015...

CLIMATE NORMAL PERIOD 1981 TO 2010
CLIMATE RECORD PERIOD 1948 TO 2015


WEATHER ITEM   OBSERVED TIME   RECORD YEAR NORMAL DEPARTURE LAST
                VALUE   (LST)  VALUE       VALUE  FROM      YEAR
                                                  NORMAL
..................................................................
TEMPERATURE (F)
 YESTERDAY
  MAXIMUM         72    335 PM  85    2001  62     10       61
  MINIMUM         36    443 AM  20    1966  38     -2       42
  AVERAGE         54                        50      4       52

PRECIPITATION (IN)
  YESTERDAY        T             1.29        0.10  -0.10     0.03
  MONTH TO DATE    T                         0.30  -0.30     0.46
  SINCE MAR 1      2.90                      5.35  -2.45     5.61
  SINCE JAN 1      5.77                      9.84  -4.07     9.92

DEGREE DAYS
 HEATING
  YESTERDAY       11                        15     -4       13
  MONTH TO DATE   38                        47     -9       45
  SINCE MAR 1   2112                      1843    269     2224
  SINCE JUL 1   8450                      7751    699     8389

 COOLING
  YESTERDAY        0                         0      0        0
  MONTH TO DATE    0                         0      0        0
  SINCE MAR 1      0                         1     -1        0
  SINCE JAN 1      0                         1     -1        0
..................................................................


WIND (MPH)
  HIGHEST WIND SPEED    17   HIGHEST WIND DIRECTION     N (360)
  HIGHEST GUST SPEED    25   HIGHEST GUST DIRECTION     N (350)
  AVERAGE WIND SPEED     1.9


SKY COVER
  AVERAGE SKY COVER 0.4


WEATHER CONDITIONS
 THE FOLLOWING WEATHER WAS RECORDED YESTERDAY.
  NO SIGNIFICANT WEATHER WAS OBSERVED.


RELATIVE HUMIDITY (PERCENT)
 HIGHEST    85           400 AM
 LOWEST     22           200 PM
 AVERAGE    54

..........................................................


THE MONTPELIER VT CLIMATE NORMALS FOR TODAY
                         NORMAL    RECORD    YEAR
 MAXIMUM TEMPERATURE (F)   62        83      1949
 MINIMUM TEMPERATURE (F)   38        26      1967


SUNRISE AND SUNSET
MAY  4 2015...........SUNRISE   538 AM EDT   SUNSET   757 PM EDT
MAY  5 2015...........SUNRISE   536 AM EDT   SUNSET   758 PM EDT


-  INDICATES NEGATIVE NUMBERS.
R  INDICATES RECORD WAS SET OR TIED.
MM INDICATES DATA IS MISSING.
T  INDICATES TRACE AMOUNT.




$$
