000
CDUS45 KMSO 192233
CLIMSO


CLIMATE REPORT
NATIONAL WEATHER SERVICE MISSOULA, MT
433 PM MDT SUN APR 19 2015


...................................

...THE MISSOULA MT CLIMATE SUMMARY FOR APRIL 19 2015...
VALID TODAY AS OF 0400 PM LOCAL TIME.

CLIMATE NORMAL PERIOD 1981 TO 2010
CLIMATE RECORD PERIOD 1893 TO 2015


WEATHER ITEM   OBSERVED TIME   RECORD YEAR NORMAL DEPARTURE LAST
                VALUE   (LST)  VALUE       VALUE  FROM      YEAR
                                                  NORMAL
..................................................................
TEMPERATURE (F)
 TODAY
  MAXIMUM         64    248 PM  83    1910  59      5       69
  MINIMUM         32    606 AM  14    1951  33     -1       24
  AVERAGE         48                        46      2       47

PRECIPITATION (IN)
  TODAY            0.00          0.43 1984   0.04  -0.04      T
  MONTH TO DATE    0.27                      0.76  -0.49     0.27
  SINCE OCT 1      8.28                      6.24   2.04     7.09
  SINCE JAN 1      2.97                      3.31  -0.34     5.38

SNOWFALL (IN)
  TODAY            0.0
  MONTH TO DATE    0.6
  SINCE JAN 1     13.3
  SINCE JUL 1     33.9
  SNOW DEPTH       0

DEGREE DAYS
 HEATING
  TODAY           17                        19     -2       18
  MONTH TO DATE  434                       390     44      402
  SINCE MAR 1   1154                      1204    -50     1270
  SINCE JUL 1   6146                      6573   -427     6780

 COOLING
  TODAY            0                         0      0        0
  MONTH TO DATE    0                         0      0        0
  SINCE MAR 1      0                         0      0        0
  SINCE JAN 1      0                         0      0        0
..................................................................


WIND (MPH)
  HIGHEST WIND SPEED    23   HIGHEST WIND DIRECTION     E (110)
  HIGHEST GUST SPEED    29   HIGHEST GUST DIRECTION    SE (120)
  AVERAGE WIND SPEED    10.0


SKY COVER
  POSSIBLE SUNSHINE  MM
  AVERAGE SKY COVER 0.0


WEATHER CONDITIONS
 THE FOLLOWING WEATHER WAS RECORDED TODAY.
  NO SIGNIFICANT WEATHER WAS OBSERVED.


RELATIVE HUMIDITY (PERCENT)
 HIGHEST    69           600 AM
 LOWEST     22           100 PM
 AVERAGE    46

..........................................................


THE MISSOULA MT CLIMATE NORMALS FOR TOMORROW
                         NORMAL    RECORD    YEAR
 MAXIMUM TEMPERATURE (F)   60        84      1980
 MINIMUM TEMPERATURE (F)   33        16      1927


SUNRISE AND SUNSET
APRIL 19 2015.........SUNRISE   642 AM MDT   SUNSET   830 PM MDT
APRIL 20 2015.........SUNRISE   640 AM MDT   SUNSET   831 PM MDT


-  INDICATES NEGATIVE NUMBERS.
R  INDICATES RECORD WAS SET OR TIED.
MM INDICATES DATA IS MISSING.
T  INDICATES TRACE AMOUNT.




$$
