000
CDUS41 KBTV 270537
CLIMSS


CLIMATE REPORT
NATIONAL WEATHER SERVICE BURLINGTON VT
135 AM EDT MON APR 27 2015


...................................

...THE MASSENA NY CLIMATE SUMMARY FOR APRIL 26 2015...

CLIMATE NORMAL PERIOD 1981 TO 2010
CLIMATE RECORD PERIOD 1948 TO 2015


WEATHER ITEM   OBSERVED TIME   RECORD YEAR NORMAL DEPARTURE LAST
                VALUE   (LST)  VALUE       VALUE  FROM      YEAR
                                                  NORMAL
..................................................................
TEMPERATURE (F)
 YESTERDAY
  MAXIMUM         52    443 PM  85    1990  60     -8       46
  MINIMUM         38    501 AM  22    1972  37      1       40
  AVERAGE         45                        48     -3       43

PRECIPITATION (IN)
  YESTERDAY        T             0.55        0.10  -0.10     0.10
  MONTH TO DATE    2.48                      2.43   0.05     2.82
  SINCE MAR 1      3.02                      4.52  -1.50     3.73
  SINCE JAN 1      4.44                      8.47  -4.03     6.47

DEGREE DAYS
 HEATING
  YESTERDAY       20                        17      3       22
  MONTH TO DATE  587                       587      0      629
  SINCE MAR 1   1882                      1731    151     2057
  SINCE JUL 1   8048                      7718    330     8226

 COOLING
  YESTERDAY        0                         0      0        0
  MONTH TO DATE    0                         0      0        0
  SINCE MAR 1      0                         0      0        0
  SINCE JAN 1      0                         0      0        0
..................................................................


WIND (MPH)
  HIGHEST WIND SPEED    15   HIGHEST WIND DIRECTION     W (290)
  HIGHEST GUST SPEED    20   HIGHEST GUST DIRECTION     W (290)
  AVERAGE WIND SPEED     6.8


SKY COVER
  AVERAGE SKY COVER 0.9


WEATHER CONDITIONS
 THE FOLLOWING WEATHER WAS RECORDED YESTERDAY.
  LIGHT RAIN


RELATIVE HUMIDITY (PERCENT)
 HIGHEST    71          1000 PM
 LOWEST     50           100 PM
 AVERAGE    61

..........................................................


THE MASSENA NY CLIMATE NORMALS FOR TODAY
                         NORMAL    RECORD    YEAR
 MAXIMUM TEMPERATURE (F)   60        89      1990
 MINIMUM TEMPERATURE (F)   37        21      1972


SUNRISE AND SUNSET
APRIL 27 2015.........SUNRISE   555 AM EDT   SUNSET   759 PM EDT
APRIL 28 2015.........SUNRISE   554 AM EDT   SUNSET   801 PM EDT


-  INDICATES NEGATIVE NUMBERS.
R  INDICATES RECORD WAS SET OR TIED.
MM INDICATES DATA IS MISSING.
T  INDICATES TRACE AMOUNT.




$$
