000
CDUS43 KILX 012127
CLIMTO


CLIMATE REPORT
NATIONAL WEATHER SERVICE LINCOLN IL
427 PM CDT WED APR 1 2015


...................................

...THE MATTOON IL AIRPORT CLIMATE SUMMARY FOR APRIL 1 2015...
VALID TODAY AS OF 0400 PM LOCAL TIME.

CLIMATE NORMAL PERIOD 1981 TO 2010
CLIMATE RECORD PERIOD 9999 TO 9999


WEATHER ITEM   OBSERVED TIME   RECORD YEAR NORMAL DEPARTURE LAST
                VALUE   (LST)  VALUE       VALUE  FROM      YEAR
                                                  NORMAL
..................................................................
TEMPERATURE (F)
 TODAY
  MAXIMUM         70    259 PM  MM      MM  59     11       59
  MINIMUM         44    321 AM  MM      MM  38      6       42
  AVERAGE         57                        48      9       51

PRECIPITATION (IN)
  TODAY            0.00         MM      MM   0.09  -0.09     0.18
  MONTH TO DATE    0.00                      0.09  -0.09     0.18
  SINCE MAR 1      2.51                      2.66  -0.15     1.18
  SINCE JAN 1      3.86                      6.64  -2.78     3.11

DEGREE DAYS
 HEATING
  TODAY            8                        17     -9       14
  MONTH TO DATE    8                        17     -9       14
  SINCE MAR 1    818                       716    102      903
  SINCE JUL 1   5511                      4920    591     5750

 COOLING
  TODAY            0                         0      0        0
  MONTH TO DATE    0                         0      0        0
  SINCE MAR 1      0                         1     -1        0
  SINCE JAN 1      0                         1     -1        0
..................................................................


WIND (MPH)
  HIGHEST WIND SPEED    20   HIGHEST WIND DIRECTION     S (170)
  HIGHEST GUST SPEED    23   HIGHEST GUST DIRECTION     S (180)
  AVERAGE WIND SPEED    11.4


SKY COVER
  POSSIBLE SUNSHINE  MM
  AVERAGE SKY COVER 0.0


WEATHER CONDITIONS
 THE FOLLOWING WEATHER WAS RECORDED TODAY.
  NO SIGNIFICANT WEATHER WAS OBSERVED.


RELATIVE HUMIDITY (PERCENT)
 HIGHEST    71           100 AM
 LOWEST     33           300 PM
 AVERAGE    52

..........................................................


THE MATTOON IL AIRPORT CLIMATE NORMALS FOR TOMORROW
                         NORMAL    RECORD    YEAR
 MAXIMUM TEMPERATURE (F)   59        MM        MM
 MINIMUM TEMPERATURE (F)   38        MM        MM


SUNRISE AND SUNSET
APRIL  1 2015.........SUNRISE   638 AM CDT   SUNSET   717 PM CDT
APRIL  2 2015.........SUNRISE   636 AM CDT   SUNSET   718 PM CDT


-  INDICATES NEGATIVE NUMBERS.
R  INDICATES RECORD WAS SET OR TIED.
MM INDICATES DATA IS MISSING.
T  INDICATES TRACE AMOUNT.




$$
