000
CDUS43 KILX 250634
CLIMTO


CLIMATE REPORT
NATIONAL WEATHER SERVICE LINCOLN IL
133 AM CDT SAT APR 25 2015


...................................

...THE MATTOON IL AIRPORT CLIMATE SUMMARY FOR APRIL 24 2015...

CLIMATE NORMAL PERIOD 1981 TO 2010
CLIMATE RECORD PERIOD 9999 TO 9999


WEATHER ITEM   OBSERVED TIME   RECORD YEAR NORMAL DEPARTURE LAST
                VALUE   (LST)  VALUE       VALUE  FROM      YEAR
                                                  NORMAL
..................................................................
TEMPERATURE (F)
 YESTERDAY
  MAXIMUM         62    153 PM  MM      MM  67     -5       73
  MINIMUM         33    449 AM  MM      MM  47    -14       49
  AVERAGE         48                        56     -8       61

PRECIPITATION (IN)
  YESTERDAY        T            MM      MM   0.14  -0.14     0.08
  MONTH TO DATE    3.36                      2.52   0.84     2.41
  SINCE MAR 1      5.87                      5.09   0.78     3.41
  SINCE JAN 1      7.22                      9.07  -1.85     5.34

DEGREE DAYS
 HEATING
  YESTERDAY       17                         9      8        4
  MONTH TO DATE  220                       313    -93      295
  SINCE MAR 1   1030                      1012     18     1184
  SINCE JUL 1   5723                      5216    507     6031

 COOLING
  YESTERDAY        0                         1     -1        0
  MONTH TO DATE    2                         5     -3        1
  SINCE MAR 1      2                         6     -4        1
  SINCE JAN 1      2                         6     -4        1
..................................................................


WIND (MPH)
  HIGHEST WIND SPEED    17   HIGHEST WIND DIRECTION     S (160)
  HIGHEST GUST SPEED    25   HIGHEST GUST DIRECTION     S (160)
  AVERAGE WIND SPEED     8.7


SKY COVER
  POSSIBLE SUNSHINE  MM
  AVERAGE SKY COVER 0.6


WEATHER CONDITIONS
 THE FOLLOWING WEATHER WAS RECORDED YESTERDAY.
  NO SIGNIFICANT WEATHER WAS OBSERVED.


RELATIVE HUMIDITY (PERCENT)
 HIGHEST    82           500 AM
 LOWEST     27           200 PM
 AVERAGE    55

..........................................................


THE MATTOON IL AIRPORT CLIMATE NORMALS FOR TODAY
                         NORMAL    RECORD    YEAR
 MAXIMUM TEMPERATURE (F)   67        MM        MM
 MINIMUM TEMPERATURE (F)   47        MM        MM


SUNRISE AND SUNSET
APRIL 25 2015.........SUNRISE   602 AM CDT   SUNSET   741 PM CDT
APRIL 26 2015.........SUNRISE   601 AM CDT   SUNSET   742 PM CDT


-  INDICATES NEGATIVE NUMBERS.
R  INDICATES RECORD WAS SET OR TIED.
MM INDICATES DATA IS MISSING.
T  INDICATES TRACE AMOUNT.




$$
