000
CDUS45 KBOI 030931
CLIMYL


CLIMATE REPORT
NATIONAL WEATHER SERVICE BOISE ID
331 AM MDT SUN MAY 3 2015


...................................

...THE MCCALL ID CLIMATE SUMMARY FOR MAY 2 2015...

CLIMATE NORMAL PERIOD 1981 TO 2010
CLIMATE RECORD PERIOD 1930 TO 2015


WEATHER ITEM   OBSERVED TIME   RECORD YEAR NORMAL DEPARTURE LAST
                VALUE   (LST)  VALUE       VALUE  FROM      YEAR
                                                  NORMAL
..................................................................
TEMPERATURE (F)
 YESTERDAY
  MAXIMUM         67    425 PM  78    1985  55     12       72
  MINIMUM         39    629 AM  14    1948  29     10       33
  AVERAGE         53                        42     11       53

PRECIPITATION (IN)
  YESTERDAY        0.00          1.26 1938   0.07  -0.07     0.00
  MONTH TO DATE    0.00                      0.13  -0.13     0.00
  SINCE OCT 1     15.79                     13.90   1.89    17.36
  SINCE JAN 1      7.03                      7.72  -0.69    13.29

DEGREE DAYS
 HEATING
  YESTERDAY       12                        23    -11       12
  MONTH TO DATE   30                        46    -16       26
  SINCE MAR 1   1584                      2006   -422     1826
  SINCE JUL 1   6955                      8681  -1726     7820

 COOLING
  YESTERDAY        0                         0      0        0
  MONTH TO DATE    0                         0      0        0
  SINCE MAR 1      0                         0      0        0
  SINCE JAN 1      0                         0      0        0
..................................................................


WIND (MPH)
  HIGHEST WIND SPEED    16   HIGHEST WIND DIRECTION    NW (300)
  HIGHEST GUST SPEED    22   HIGHEST GUST DIRECTION    NW (300)
  AVERAGE WIND SPEED     4.2


SKY COVER
  AVERAGE SKY COVER 0.1


WEATHER CONDITIONS
 THE FOLLOWING WEATHER WAS RECORDED YESTERDAY.
  NO SIGNIFICANT WEATHER WAS OBSERVED.


RELATIVE HUMIDITY (PERCENT)
 HIGHEST    79           600 AM
 LOWEST     17           500 PM
 AVERAGE    48

..........................................................


THE MCCALL ID CLIMATE NORMALS FOR TODAY
                         NORMAL    RECORD    YEAR
 MAXIMUM TEMPERATURE (F)   55        81      1966
 MINIMUM TEMPERATURE (F)   30        16      1950


SUNRISE AND SUNSET
MAY  3 2015...........SUNRISE   631 AM MDT   SUNSET   852 PM MDT
MAY  4 2015...........SUNRISE   630 AM MDT   SUNSET   853 PM MDT


-  INDICATES NEGATIVE NUMBERS.
R  INDICATES RECORD WAS SET OR TIED.
MM INDICATES DATA IS MISSING.
T  INDICATES TRACE AMOUNT.




$$
