000
CDUS44 KLIX 192122 CCA
CLINEW

CLIMATE REPORT...CORRECTED...
NATIONAL WEATHER SERVICE NEW ORLEANS
422 PM CDT SUN APR 19 2015


...................................

...THE NEW ORLEANS CLIMATE SUMMARY FOR APRIL 19 2015...
VALID TODAY AS OF 0400 PM LOCAL TIME.

CLIMATE NORMAL PERIOD 1981 TO 2010
CLIMATE RECORD PERIOD 1946 TO 2015


WEATHER ITEM   OBSERVED TIME   RECORD YEAR NORMAL DEPARTURE LAST
                VALUE   (LST)  VALUE       VALUE  FROM      YEAR
                                                  NORMAL
..................................................................
TEMPERATURE (F)
 TODAY
  MAXIMUM         85    304 PM  90    1987  79      5       78
  MINIMUM         70    334 AM  45    1983  61      9       55
  AVERAGE         77                        70      7       67

PRECIPITATION (IN)
  TODAY            0.00          1.68 1966   0.15  -0.15     0.00
  MONTH TO DATE    8.81                      2.88   5.93     2.17
  SINCE MAR 1     15.17                      7.43   7.74     7.42
  SINCE JAN 1     22.87                     17.88   4.99    16.45

SNOWFALL (IN)
  TODAY            0.0
  MONTH TO DATE    0.0
  SINCE MAR 1      0.0
  SINCE JUL 1      0.0
  SNOW DEPTH       0

DEGREE DAYS
 HEATING
  TODAY            0                         1     -1        0
  MONTH TO DATE    0                        29    -29       41
  SINCE MAR 1     70                       165    -95      228
  SINCE JUL 1   1274                      1274      0     1581

 COOLING
  TODAY           12                         6      6        2
  MONTH TO DATE  184                        82    102       60
  SINCE MAR 1    308                       145    163       81
  SINCE JAN 1    326                       182    144      105
..................................................................


WIND (MPH)
  HIGHEST WIND SPEED    18   HIGHEST WIND DIRECTION     W (270)
  HIGHEST GUST SPEED    27   HIGHEST GUST DIRECTION     E (110)
  AVERAGE WIND SPEED    10.4


SKY COVER
  POSSIBLE SUNSHINE  MM
  AVERAGE SKY COVER 0.6


WEATHER CONDITIONS
 THE FOLLOWING WEATHER WAS RECORDED TODAY.
  NO SIGNIFICANT WEATHER WAS OBSERVED.


RELATIVE HUMIDITY (PERCENT)
 HIGHEST    93           500 AM
 LOWEST     43           100 PM
 AVERAGE    68

..........................................................


THE NEW ORLEANS CLIMATE NORMALS FOR TOMORROW
                         NORMAL    RECORD    YEAR
 MAXIMUM TEMPERATURE (F)   79        90      1987
 MINIMUM TEMPERATURE (F)   61        46      1953


SUNRISE AND SUNSET
APRIL 19 2015.........SUNRISE   630 AM CDT   SUNSET   731 PM CDT
APRIL 20 2015.........SUNRISE   629 AM CDT   SUNSET   731 PM CDT


-  INDICATES NEGATIVE NUMBERS.
R  INDICATES RECORD WAS SET OR TIED.
MM INDICATES DATA IS MISSING.
T  INDICATES TRACE AMOUNT.




$$
