000
CDUS43 KOAX 062157 RRB
CLIOAX

CLIMATE REPORT
NATIONAL WEATHER SERVICE OMAHA NEBRASKA
432 PM CDT WED MAY 6 2015


...................................

...THE VALLEY  NWS, NEBRASKA CLIMATE SUMMARY FOR MAY 6 2015...
VALID TODAY AS OF 0400 PM LOCAL TIME.

CLIMATE NORMAL PERIOD 1981 TO 2010
CLIMATE RECORD PERIOD 1997 TO 2015


WEATHER ITEM   OBSERVED TIME   NORMAL DEPARTURE LAST
                VALUE   (LST)  VALUE  FROM      YEAR
                                      NORMAL
......................................................
TEMPERATURE (F)
 TODAY
  MAXIMUM         69   1127 AM  69      0       80
  MINIMUM         62    901 AM  48     14       53
  AVERAGE         66            58      8       67

PRECIPITATION (IN)
  TODAY            0.30          0.14   0.16     0.00
  MONTH TO DATE    1.65          0.86   0.79      T
  SINCE MAR 1      5.83          5.89  -0.06     3.02
  SINCE JAN 1      7.40          7.60  -0.20     4.06

SNOWFALL (IN)
  TODAY            0.0                           0.0
  MONTH TO DATE    0.0                           0.0
  SINCE JUL 1     19.3                          18.2
  SNOW DEPTH       0

DEGREE DAYS
 HEATING
  TODAY            0             7     -7        0
  MONTH TO DATE    6            49    -43       44
  SINCE MAR 1    994          1316   -322     1337
  SINCE JUL 1   5723          6147   -424     6397

 COOLING
  TODAY            1             1      0        2
  MONTH TO DATE    8             6      2        2
  SINCE MAR 1     12            13     -1       11
  SINCE JAN 1     12            13     -1       11
......................................................


WIND (MPH)
  HIGHEST WIND SPEED    MM   HIGHEST WIND DIRECTION    MM
  HIGHEST GUST SPEED    38   HIGHEST GUST DIRECTION    MM



WEATHER CONDITIONS
 THE FOLLOWING WEATHER WAS RECORDED TODAY.
  NO SIGNIFICANT WEATHER WAS OBSERVED.


..........................................................


THE VALLEY  NWS, NEBRASKA CLIMATE NORMALS FOR TOMORROW
                         NORMAL
 MAXIMUM TEMPERATURE (F)   69
 MINIMUM TEMPERATURE (F)   49


SUNRISE AND SUNSET
MAY  6 2015...........SUNRISE   617 AM CDT   SUNSET   828 PM CDT
MAY  7 2015...........SUNRISE   616 AM CDT   SUNSET   829 PM CDT


-  INDICATES NEGATIVE NUMBERS.
R  INDICATES RECORD WAS SET OR TIED.
MM INDICATES DATA IS MISSING.
T  INDICATES TRACE AMOUNT.




$$
