000
CDUS43 KGID 180625
CLIODX


CLIMATE REPORT
NATIONAL WEATHER SERVICE HASTINGS NE
125 AM CDT SAT APR 18 2015


...................................

...THE ORD NE CLIMATE SUMMARY FOR APRIL 17 2015...

CLIMATE NORMAL PERIOD 1981 TO 2010
CLIMATE RECORD PERIOD 1895 TO 2015


WEATHER ITEM   OBSERVED TIME   NORMAL DEPARTURE LAST
                VALUE   (LST)  VALUE  FROM      YEAR
                                      NORMAL
......................................................
TEMPERATURE (F)
 YESTERDAY
  MAXIMUM         65    450 PM  62      3       52
  MINIMUM         52    611 AM  36     16       28
  AVERAGE         59            49     10       40

PRECIPITATION (IN)
  YESTERDAY        1.49          0.09   1.40     0.00
  MONTH TO DATE    2.18          1.26   0.92     0.63
  SINCE MAR 1      2.21          2.71  -0.50     0.83
  SINCE JAN 1      2.95          3.52  -0.57     1.08

DEGREE DAYS
 HEATING
  YESTERDAY        6            16    -10       25
  MONTH TO DATE  244           312    -68      350
  SINCE MAR 1    970          1158   -188     1297
  SINCE JUL 1   6102          6175    -73     6450

 COOLING
  YESTERDAY        0             0      0        0
  MONTH TO DATE    4             0      4        0
  SINCE MAR 1      4             0      4        0
  SINCE JAN 1      4             0      4        0
......................................................


WIND (MPH)
  HIGHEST WIND SPEED    18   HIGHEST WIND DIRECTION    SE (120)
  HIGHEST GUST SPEED    22   HIGHEST GUST DIRECTION     E (110)
  AVERAGE WIND SPEED     6.5


SKY COVER
  AVERAGE SKY COVER 1.0


WEATHER CONDITIONS
 THE FOLLOWING WEATHER WAS RECORDED YESTERDAY.
  THUNDERSTORM
  HEAVY RAIN
  RAIN
  LIGHT RAIN
  FOG


RELATIVE HUMIDITY (PERCENT)
 HIGHEST    96           600 AM
 LOWEST     78           700 PM
 AVERAGE    87

..........................................................


THE ORD NE CLIMATE NORMALS FOR TODAY
                         NORMAL
 MAXIMUM TEMPERATURE (F)   62
 MINIMUM TEMPERATURE (F)   37


SUNRISE AND SUNSET
APRIL 18 2015.........SUNRISE   652 AM CDT   SUNSET   819 PM CDT
APRIL 19 2015.........SUNRISE   650 AM CDT   SUNSET   821 PM CDT


-  INDICATES NEGATIVE NUMBERS.
R  INDICATES RECORD WAS SET OR TIED.
MM INDICATES DATA IS MISSING.
T  INDICATES TRACE AMOUNT.




$$
