000
CDUS42 KCAE 260629
CLIOGB


CLIMATE REPORT
NATIONAL WEATHER SERVICE COLUMBIA SC
229 AM EDT SUN APR 26 2015


...................................

...THE ORANGEBURG AIRPORT SC CLIMATE SUMMARY FOR APRIL 25 2015...

CLIMATE NORMAL PERIOD 1981 TO 2010
CLIMATE RECORD PERIOD 9999 TO 9999


WEATHER ITEM   OBSERVED TIME   NORMAL DEPARTURE LAST
                VALUE   (LST)  VALUE  FROM      YEAR
                                      NORMAL
......................................................
TEMPERATURE (F)
 YESTERDAY
  MAXIMUM         78    528 PM  79     -1       82
  MINIMUM         57    653 AM  53      4       58
  AVERAGE         68            66      2       70

PRECIPITATION (IN)
  YESTERDAY        0.18          0.07   0.11     0.00
  MONTH TO DATE    2.87          2.50   0.37     3.55
  SINCE MAR 1      5.84          6.48  -0.64     6.42
  SINCE JAN 1     12.69         14.05  -1.36    12.34

DEGREE DAYS
 HEATING
  YESTERDAY        0             2     -2        0
  MONTH TO DATE   22           100    -78       78
  SINCE MAR 1    230           377   -147      464
  SINCE JUL 1   2304          2309     -5     2328

 COOLING
  YESTERDAY        3             3      0        5
  MONTH TO DATE   90            48     42       43
  SINCE MAR 1    116            65     51       45
  SINCE JAN 1    116            68     48       51
......................................................


WIND (MPH)
  HIGHEST WIND SPEED    21   HIGHEST WIND DIRECTION     S (170)
  HIGHEST GUST SPEED    26   HIGHEST GUST DIRECTION     S (160)
  AVERAGE WIND SPEED     6.3


SKY COVER
  AVERAGE SKY COVER 0.7


WEATHER CONDITIONS
 THE FOLLOWING WEATHER WAS RECORDED YESTERDAY.
  RAIN
  LIGHT RAIN
  FOG


RELATIVE HUMIDITY (PERCENT)
 HIGHEST    90           900 AM
 LOWEST     67          1200 AM

..........................................................


THE ORANGEBURG AIRPORT SC CLIMATE NORMALS FOR TODAY
                         NORMAL    RECORD    YEAR
 MAXIMUM TEMPERATURE (F)   79        MM        MM
 MINIMUM TEMPERATURE (F)   53        MM        MM


SUNRISE AND SUNSET
APRIL 26 2015.........SUNRISE   641 AM EDT   SUNSET   802 PM EDT
APRIL 27 2015.........SUNRISE   640 AM EDT   SUNSET   803 PM EDT


-  INDICATES NEGATIVE NUMBERS.
R  INDICATES RECORD WAS SET OR TIED.
MM INDICATES DATA IS MISSING.
T  INDICATES TRACE AMOUNT.




$$
