000
CDHW42 PHFO 181245
CLIOGG


CLIMATE REPORT
NATIONAL WEATHER SERVICE HONOLULU HI
245 AM HST SAT APR 18 2015


...................................

...THE KAHULUI HI CLIMATE SUMMARY FOR APRIL 17 2015...

CLIMATE NORMAL PERIOD 1981 TO 2010
CLIMATE RECORD PERIOD 1946 TO 2015


WEATHER ITEM   OBSERVED TIME   RECORD YEAR NORMAL DEPARTURE LAST
                VALUE   (LST)  VALUE       VALUE  FROM      YEAR
                                                  NORMAL
..................................................................
TEMPERATURE (F)
 YESTERDAY
  MAXIMUM         86    258 PM  91    1981  82      4       84
  MINIMUM         72    639 AM  58    1952  66      6       71
  AVERAGE         79                        74      5       78

PRECIPITATION (IN)
  YESTERDAY        T             3.27 1950   0.05  -0.05     0.01
  MONTH TO DATE    0.07                      1.03  -0.96     1.65
  SINCE MAR 1      9.68                      3.48   6.20     5.40
  SINCE JAN 1     13.99                      8.24   5.75    12.05

SNOWFALL (IN)
  YESTERDAY        0.0
  MONTH TO DATE    0.0
  SINCE MAR 1      0.0
  SINCE JUL 1      0.0
  SNOW DEPTH       0

DEGREE DAYS
 HEATING
  YESTERDAY        0                         0      0        0
  MONTH TO DATE    0                         0      0        0
  SINCE MAR 1      0                         0      0        0
  SINCE JUL 1      0                         0      0        0

 COOLING
  YESTERDAY       14                         9      5       13
  MONTH TO DATE  197                       153     44      166
  SINCE MAR 1    423                       398     25      459
  SINCE JAN 1    827                       807     20      970
..................................................................


WIND (MPH)
  HIGHEST WIND SPEED    29   HIGHEST WIND DIRECTION    NE (60)
  HIGHEST GUST SPEED    38   HIGHEST GUST DIRECTION     E (70)
  AVERAGE WIND SPEED    17.6


SKY COVER
  POSSIBLE SUNSHINE  MM
  AVERAGE SKY COVER 0.3


WEATHER CONDITIONS
 THE FOLLOWING WEATHER WAS RECORDED YESTERDAY.
  NO SIGNIFICANT WEATHER WAS OBSERVED.


RELATIVE HUMIDITY (PERCENT)
 HIGHEST    79          1200 AM
 LOWEST     47           500 PM
 AVERAGE    63

..........................................................


THE KAHULUI HI CLIMATE NORMALS FOR TODAY
                         NORMAL    RECORD    YEAR
 MAXIMUM TEMPERATURE (F)   83        89      1951
 MINIMUM TEMPERATURE (F)   66        60      1973


SUNRISE AND SUNSET
APRIL 18 2015.........SUNRISE   605 AM HST   SUNSET   646 PM HST
APRIL 19 2015.........SUNRISE   604 AM HST   SUNSET   646 PM HST


-  INDICATES NEGATIVE NUMBERS.
R  INDICATES RECORD WAS SET OR TIED.
MM INDICATES DATA IS MISSING.
T  INDICATES TRACE AMOUNT.




$$
