000
CDUS46 KSEW 260837
CLIOLM


CLIMATE REPORT
NATIONAL WEATHER SERVICE SEATTLE WA
136 AM PDT SUN APR 26 2015


...................................

...THE OLYMPIA WA AIRPORT CLIMATE SUMMARY FOR APRIL 25 2015...

CLIMATE NORMAL PERIOD 1981 TO 2010
CLIMATE RECORD PERIOD 1948 TO 2015


WEATHER ITEM   OBSERVED TIME   RECORD YEAR NORMAL DEPARTURE LAST
                VALUE   (LST)  VALUE       VALUE  FROM      YEAR
                                                  NORMAL
..................................................................
TEMPERATURE (F)
 YESTERDAY
  MAXIMUM         56    155 PM  77    1992  61     -5       59
  MINIMUM         35   1139 PM  27    1985  39     -4       34
  AVERAGE         46                        50     -4       47

PRECIPITATION (IN)
  YESTERDAY        0.02          0.68 1986   0.11  -0.09     0.02
  MONTH TO DATE    1.87                      3.08  -1.21     3.58
  SINCE OCT 1     38.80                     42.17  -3.37    34.63
  SINCE JAN 1     19.77                     21.48  -1.71    25.79

DEGREE DAYS
 HEATING
  YESTERDAY       19                        15      4       18
  MONTH TO DATE  427                       427      0      390
  SINCE MAR 1    952                      1063   -111      967
  SINCE JUL 1   3987                      4785   -798     4750

 COOLING
  YESTERDAY        0                         0      0        0
  MONTH TO DATE    0                         0      0        0
  SINCE MAR 1      0                         0      0        0
  SINCE JAN 1      0                         0      0        0
..................................................................


WIND (MPH)
  RESULTANT WIND SPEED   2   RESULTANT WIND DIRECTION  SE (150)
  HIGHEST WIND SPEED    17   HIGHEST WIND DIRECTION     N (20)
  HIGHEST GUST SPEED    22   HIGHEST GUST DIRECTION     N (10)
  AVERAGE WIND SPEED     4.0


SKY COVER
  AVERAGE SKY COVER 0.6


WEATHER CONDITIONS
 THE FOLLOWING WEATHER WAS RECORDED YESTERDAY.
  LIGHT RAIN
  FOG
  FOG W/VISIBILITY <= 1/4 MILE


RELATIVE HUMIDITY (PERCENT)
 HIGHEST   100          1100 PM
 LOWEST     51           100 PM
 AVERAGE    76

..........................................................


THE OLYMPIA WA AIRPORT CLIMATE NORMALS FOR TODAY
                         NORMAL    RECORD    YEAR
 MAXIMUM TEMPERATURE (F)   61        82      2004
 MINIMUM TEMPERATURE (F)   39        27      2008
                                             1984
                                             1976


SUNRISE AND SUNSET
APRIL 26 2015.........SUNRISE   605 AM PDT   SUNSET   815 PM PDT
APRIL 27 2015.........SUNRISE   603 AM PDT   SUNSET   816 PM PDT


-  INDICATES NEGATIVE NUMBERS.
R  INDICATES RECORD WAS SET OR TIED.
MM INDICATES DATA IS MISSING.
T  INDICATES TRACE AMOUNT.




$$
