000
CDAK49 PAOM 251015
CLIOME

CLIMATE REPORT
NATIONAL WEATHER SERVICE NOME, AK
215 AM AKDT SAT APR 25 2015

...................................
...THE NOME WSO AP CLIMATE SUMMARY FOR APRIL 24 2015...

CLIMATE NORMAL PERIOD  1981 TO  2010
CLIMATE RECORD PERIOD  1906 TO  2015

WEATHER ITEM   OBSERVED TIME    RECORD YEAR NORMAL DEPARTURE LAST
               VALUE    (LST)   VALUE       VALUE  FROM      YEAR
                                                   NORMAL
...................................................................
TEMPERATURE
YESTERDAY
 MAXIMUM            41  0604 PM    47  1940     32       9     46
 MINIMUM            31  0542 AM   -10  1966     19      12     35
 AVERAGE            36                          25      11     41

PRECIPITATION
(INCHES)
 YESTERDAY           T           0.44  1916   0.03   -0.03      T
 MONTH TO DATE    0.61                        0.59    0.02   0.27
 SINCE MAR 1      1.31                        1.24    0.07   0.80
 SINCE JAN 1      2.95                        3.11   -0.16   2.97

SNOWFALL
(INCHES)
 YESTERDAY         0.0            4.0  1916    0.2    -0.2    0.0
 MONTH TO DATE     7.6                         6.3     1.3    2.5
 SINCE MAR 1      16.4                        15.2     1.2   14.8
 SINCE JUL 1      59.7                        71.9   -12.2   69.1
 SNOW DEPTH (IN)     9                                          T

DEGREE DAYS
 HEATING
  YESTERDAY         29                          40     -11     24
  MONTH TO DATE   1111                        1110       1    923
  SINCE MAR 1     2918                        2806     112   2550
  SINCE JUL 1    11082                       12088   -1006  10704

 COOLING
  YESTERDAY          0                           0       0      0
  MONTH TO DATE      0                           0       0      0
  SINCE MAR 1        0                           0       0      0
  SINCE JAN 1        0                           0       0      0
...................................................................

WIND (MPH)
 HIGHEST WIND SPEED    18     HIGHEST WIND DIRECTION     70
 HIGHEST GUST SPEED    24     HIGHEST GUST DIRECTION     80
 AVERAGE WIND SPEED   9.1

SKY COVER
  POSSIBLE SUNSHINE    MM          AVERAGE SKY COVER     MM

WEATHER CONDITIONS
 THE FOLLOWING WEATHER WAS RECORDED YESTERDAY.
  LIGHT RAINFALL

RELATIVE HUMIDITY
 HIGHEST RH     MM PERCENT       MM
 LOWEST  RH     MM PERCENT       MM
 AVERAGE RH     MM PERCENT       MM
...................................................................

THE NOME CLIMATE NORMALS FOR TODAY
                           NORMAL    RECORD   YEAR
 MAXIMUM TEMPERATURE (F)     32        60     1940
 MINIMUM TEMPERATURE (F)     20       -17     1964

SUNRISE AND SUNSET
 APR 25 2015..........SUNRISE  6:53 AM      SUNSET 11:10 PM
 APR 26 2015..........SUNRISE  6:49 AM      SUNSET 11:13 PM

-  INDICATES NEGATIVE NUMBERS.
R  INDICATES RECORD HAS BEEN SET OR TIED.
MM INDICATES DATA IS MISSING.
T  INDICATES TRACE OF PRECIPITATION.

&&
-------------------------------------------------------------------

AMOUNT OF DAYLIGHT TODAY  (HOUR:MIN)........16 HOURS 17 MINUTES
GAIN/LOSS SINCE YESTERDAY (HOUR:MIN:SEC)....+0:06:49

NOME TIDAL INFORMATION FOR 25 APRIL 2015
0447AM   0.0
1204PM  +1.4
0539PM  +0.8
1101PM  +1.1

$$

CKC APR 15
