000
CDUS46 KOTX 060830
CLIOMK


CLIMATE REPORT
NATIONAL WEATHER SERVICE SPOKANE, WA
130 AM PDT WED MAY 6 2015


...................................

...THE OMAK WA AIRPORT CLIMATE SUMMARY FOR MAY 5 2015...

CLIMATE NORMAL PERIOD 1981 TO 2010
CLIMATE RECORD PERIOD 9999 TO 9999


WEATHER ITEM   OBSERVED TIME   RECORD YEAR NORMAL DEPARTURE LAST
                VALUE   (LST)  VALUE       VALUE  FROM      YEAR
                                                  NORMAL
..................................................................
TEMPERATURE (F)
 YESTERDAY
  MAXIMUM         63   1053 AM  89    1966  69     -6       60
  MINIMUM         39   1139 PM  25    1959  41     -2       45
  AVERAGE         51                        55     -4       53

PRECIPITATION (IN)
  YESTERDAY        0.04          0.32 1957   0.04   0.00     0.05
  MONTH TO DATE    0.04                      0.20  -0.16     0.10
  SINCE OCT 1      9.36                     10.86  -1.50     5.43
  SINCE JAN 1      2.79                      5.41  -2.62     4.26

SNOWFALL (IN)
  YESTERDAY       MM

DEGREE DAYS
 HEATING
  YESTERDAY       14                        10      4       12
  MONTH TO DATE   44                        55    -11       32
  SINCE MAR 1   1047                      1233   -186     1245
  SINCE JUL 1   5233                      6094   -861     6235

 COOLING
  YESTERDAY        0                         0      0        0
  MONTH TO DATE    0                         0      0        0
  SINCE MAR 1      0                         1     -1        0
  SINCE JAN 1      0                         1     -1        0
..................................................................


WIND (MPH)
  HIGHEST WIND SPEED    23   HIGHEST WIND DIRECTION     N (10)
  HIGHEST GUST SPEED    30   HIGHEST GUST DIRECTION    NW (320)
  AVERAGE WIND SPEED     9.8


SKY COVER
  POSSIBLE SUNSHINE  MM
  AVERAGE SKY COVER 0.2


WEATHER CONDITIONS
 THE FOLLOWING WEATHER WAS RECORDED YESTERDAY.
  LIGHT RAIN


RELATIVE HUMIDITY (PERCENT)
 HIGHEST    70          1100 PM
 LOWEST     22          1000 AM
 AVERAGE    46

..........................................................


THE OMAK WA AIRPORT CLIMATE NORMALS FOR TODAY
                         NORMAL    RECORD    YEAR
 MAXIMUM TEMPERATURE (F)   69        88      1992
 MINIMUM TEMPERATURE (F)   41        23      2002


SUNRISE AND SUNSET
MAY  6 2015...........SUNRISE   531 AM PDT   SUNSET   819 PM PDT
MAY  7 2015...........SUNRISE   529 AM PDT   SUNSET   821 PM PDT


-  INDICATES NEGATIVE NUMBERS.
R  INDICATES RECORD WAS SET OR TIED.
MM INDICATES DATA IS MISSING.
T  INDICATES TRACE AMOUNT.




$$
