000
CDUS42 KMFL 190839
CLIPBI


CLIMATE REPORT
NATIONAL WEATHER SERVICE MIAMI, FL
435 AM EDT SUN APR 19 2015


...................................

...THE WEST PALM BEACH CLIMATE SUMMARY FOR APRIL 18 2015...

CLIMATE NORMAL PERIOD 1981 TO 2010
CLIMATE RECORD PERIOD 1888 TO 2015


WEATHER ITEM   OBSERVED TIME   RECORD YEAR NORMAL DEPARTURE LAST
                VALUE   (LST)  VALUE       VALUE  FROM      YEAR
                                                  NORMAL
..................................................................
TEMPERATURE (F)
 YESTERDAY
  MAXIMUM         93R   226 PM  91    1967  82     11       84
  MINIMUM         73    417 AM  49    1983  66      7       73
  AVERAGE         83                        74      9       79

PRECIPITATION (IN)
  YESTERDAY        T             2.37 1957   0.12  -0.12     0.04
  MONTH TO DATE    0.70                      2.34  -1.64     0.79
  SINCE NOV 1      8.54                     21.01 -12.47    21.79
  SINCE JAN 1      4.84                     12.88  -8.04    14.67

SNOWFALL (IN)
  YESTERDAY        0.0
  MONTH TO DATE    0.0
  SINCE MAR 1      0.0
  SINCE JUL 1      0.0
  SNOW DEPTH       0

DEGREE DAYS
 HEATING
  YESTERDAY        0                         0      0        0
  MONTH TO DATE    0                         0      0        0
  SINCE MAR 1      2                        24    -22        7
  SINCE JUL 1    126                       229   -103      122

 COOLING
  YESTERDAY       18                         9      9       14
  MONTH TO DATE  254                       146    108      190
  SINCE MAR 1    607                       339    268      392
  SINCE JAN 1    885                       574    311      738
..................................................................


WIND (MPH)
  HIGHEST WIND SPEED    17   HIGHEST WIND DIRECTION    SE (150)
  HIGHEST GUST SPEED    21   HIGHEST GUST DIRECTION    SE (140)
  AVERAGE WIND SPEED     8.7


SKY COVER
  AVERAGE SKY COVER 0.5


WEATHER CONDITIONS
 THE FOLLOWING WEATHER WAS RECORDED YESTERDAY.
  THUNDERSTORM
  LIGHT RAIN


RELATIVE HUMIDITY (PERCENT)
 HIGHEST    93
 LOWEST     44
 AVERAGE    69

..........................................................


THE WEST PALM BEACH CLIMATE NORMALS FOR TODAY
                         NORMAL    RECORD    YEAR
 MAXIMUM TEMPERATURE (F)   82        93      1967
 MINIMUM TEMPERATURE (F)   66        49      1997


SUNRISE AND SUNSET
APRIL 19 2015.........SUNRISE   653 AM EDT   SUNSET   746 PM EDT
APRIL 20 2015.........SUNRISE   652 AM EDT   SUNSET   747 PM EDT


-  INDICATES NEGATIVE NUMBERS.
R  INDICATES RECORD WAS SET OR TIED.
MM INDICATES DATA IS MISSING.
T  INDICATES TRACE AMOUNT.




$$
