000
CDUS45 KPSR 020839
CLIPHX

CDUS45 KPSR DDHHMM
CLIPHX

CLIMATE REPORT
NATIONAL WEATHER SERVICE PHOENIX AZ
138 AM MST THU APR 2 2015


...................................

...THE PHOENIX AZ CLIMATE SUMMARY FOR APRIL 1 2015...

CLIMATE NORMAL PERIOD 1981 TO 2010
CLIMATE RECORD PERIOD 1895 TO 2015


WEATHER ITEM   OBSERVED TIME   RECORD YEAR NORMAL DEPARTURE LAST
                VALUE   (LST)  VALUE       VALUE  FROM      YEAR
                                                  NORMAL
..................................................................
TEMPERATURE (F)
 YESTERDAY
  MAXIMUM         91    340 PM 100    2011  81     10       79
  MINIMUM         67    625 AM  37    1904  56     11       57
  AVERAGE         79                        69     10       68

PRECIPITATION (IN)
  YESTERDAY        0.00          0.46 1992   0.02  -0.02     0.00
  MONTH TO DATE    0.00                      0.02  -0.02     0.00
  SINCE OCT 1      2.19                      4.95  -2.76     3.81
  SINCE JAN 1      1.15                      2.84  -1.69     0.99

SNOWFALL (IN)
  YESTERDAY        0.0
  MONTH TO DATE    0.0
  SINCE JAN 1      0.0
  SINCE JUL 1      0.0
  SNOW DEPTH       0

DEGREE DAYS
 HEATING
  YESTERDAY        0                         1     -1        0
  MONTH TO DATE    0                         1     -1        0
  SINCE MAR 1     25                        82    -57        7
  SINCE JUL 1    520                       915   -395      541

 COOLING
  YESTERDAY       14                         5      9        3
  MONTH TO DATE   14                         5      9        3
  SINCE MAR 1    269                        92    177      140
  SINCE JAN 1    317                       109    208      202
..................................................................


WIND (MPH)
  HIGHEST WIND SPEED    20   HIGHEST WIND DIRECTION     W (280)
  HIGHEST GUST SPEED    25   HIGHEST GUST DIRECTION     W (260)
  AVERAGE WIND SPEED     7.7


SKY COVER
  AVERAGE SKY COVER 0.3


WEATHER CONDITIONS
 THE FOLLOWING WEATHER WAS RECORDED YESTERDAY.
  NO SIGNIFICANT WEATHER WAS OBSERVED.


RELATIVE HUMIDITY (PERCENT)
 HIGHEST    37           600 AM
 LOWEST     10           400 PM
 AVERAGE    24

..........................................................


THE PHOENIX AZ CLIMATE NORMALS FOR TODAY
                         NORMAL    RECORD    YEAR
 MAXIMUM TEMPERATURE (F)   81        98      1943
 MINIMUM TEMPERATURE (F)   57        37      1917


SUNRISE AND SUNSET
APRIL  2 2015.........SUNRISE   615 AM MST   SUNSET   649 PM MST
APRIL  3 2015.........SUNRISE   613 AM MST   SUNSET   650 PM MST


-  INDICATES NEGATIVE NUMBERS.
R  INDICATES RECORD WAS SET OR TIED.
MM INDICATES DATA IS MISSING.
T  INDICATES TRACE AMOUNT.

&&
.....................................................................

DEW POINT
  HIGHEST DEW POINT    43
   LOWEST DEW POINT    19
  AVERAGE DEW POINT    34
.....................................................................

$$
