000
CDUS41 KRLX 252124
CLIPKB


CLIMATE REPORT
NATIONAL WEATHER SERVICE CHARLESTON WV
524 PM EDT SAT APR 25 2015


...................................

...THE PARKERSBURG WV CLIMATE SUMMARY FOR APRIL 25 2015...
VALID TODAY AS OF 0500 PM LOCAL TIME.

CLIMATE NORMAL PERIOD 1981 TO 2010
CLIMATE RECORD PERIOD 1889 TO 2015


WEATHER ITEM   OBSERVED TIME   RECORD YEAR NORMAL DEPARTURE LAST
                VALUE   (LST)  VALUE       VALUE  FROM      YEAR
                                                  NORMAL
..................................................................
TEMPERATURE (F)
 TODAY
  MAXIMUM         50    101 PM  91    1915  69    -19       64
  MINIMUM         43   1217 AM  30    1919  45     -2       44
  AVERAGE         47                        57    -10       54

PRECIPITATION (IN)
  TODAY            0.10          0.29 2004   0.11  -0.01     0.27
  MONTH TO DATE    6.36                      2.72   3.64     2.31
  SINCE MAR 1     11.95                      6.45   5.50     3.83
  SINCE JAN 1     15.84                     12.10   3.74     7.72

DEGREE DAYS
 HEATING
  TODAY           18                         9      9       11
  MONTH TO DATE  234                       305    -71      247
  SINCE MAR 1    975                       976     -1      832
  SINCE JUL 1   5193                      4766    427     4595

 COOLING
  TODAY            0                         1     -1        0
  MONTH TO DATE   12                        15     -3        5
  SINCE MAR 1     12                        18     -6        5
  SINCE JAN 1     12                        18     -6        5
..................................................................


WIND (MPH)
  HIGHEST WIND SPEED    17   HIGHEST WIND DIRECTION    NE (60)
  HIGHEST GUST SPEED    21   HIGHEST GUST DIRECTION    NE (60)
  AVERAGE WIND SPEED     6.9


SKY COVER
  POSSIBLE SUNSHINE  MM
  AVERAGE SKY COVER 1.0


WEATHER CONDITIONS
 THE FOLLOWING WEATHER WAS RECORDED TODAY.
  LIGHT RAIN


RELATIVE HUMIDITY (PERCENT)
 HIGHEST    83           400 PM
 LOWEST     42           600 AM
 AVERAGE    63

..........................................................


THE PARKERSBURG WV CLIMATE NORMALS FOR TOMORROW
                         NORMAL    RECORD    YEAR
 MAXIMUM TEMPERATURE (F)   70        91      1990
 MINIMUM TEMPERATURE (F)   45        31      1983


SUNRISE AND SUNSET
APRIL 25 2015.........SUNRISE   635 AM EDT   SUNSET   813 PM EDT
APRIL 26 2015.........SUNRISE   634 AM EDT   SUNSET   814 PM EDT


-  INDICATES NEGATIVE NUMBERS.
R  INDICATES RECORD WAS SET OR TIED.
MM INDICATES DATA IS MISSING.
T  INDICATES TRACE AMOUNT.




$$
