000
CDUS44 KMOB 280635
CLIPNS


CLIMATE REPORT
NATIONAL WEATHER SERVICE MOBILE AL
125 AM CDT TUE APR 28 2015


...................................

...THE PENSACOLA CLIMATE SUMMARY FOR APRIL 27 2015...

CLIMATE NORMAL PERIOD 1981 TO 2010
CLIMATE RECORD PERIOD 1879 TO 2015


WEATHER ITEM   OBSERVED TIME   RECORD YEAR NORMAL DEPARTURE LAST
                VALUE   (LST)  VALUE       VALUE  FROM      YEAR
                                                  NORMAL
..................................................................
TEMPERATURE (F)
 YESTERDAY
  MAXIMUM         74   1252 AM  86    1970  78     -4       82
                                      1944
  MINIMUM         62    236 PM  47    1992  61      1       70
                                      1977
  AVERAGE         68                        70     -2       76

PRECIPITATION (IN)
  YESTERDAY        0.59          3.41 1911   0.13   0.46      T
  MONTH TO DATE    9.96                      3.93   6.03     9.06
  SINCE MAR 1     12.34                      9.74   2.60    18.84
  SINCE JAN 1     22.75                     19.43   3.32    30.17

DEGREE DAYS
 HEATING
  YESTERDAY        0                         1     -1        0
  MONTH TO DATE    1                        51    -50       41
  SINCE MAR 1    101                       227   -126      246
  SINCE JUL 1   1544                      1535      9     1583

 COOLING
  YESTERDAY        3                         5     -2       11
  MONTH TO DATE  193                        85    108      101
  SINCE MAR 1    295                       118    177      107
  SINCE JAN 1    302                       132    170      122
..................................................................


WIND (MPH)
  HIGHEST WIND SPEED    23   HIGHEST WIND DIRECTION    SE (140)
  HIGHEST GUST SPEED    28   HIGHEST GUST DIRECTION    SE (140)
  AVERAGE WIND SPEED     8.2


SKY COVER
  POSSIBLE SUNSHINE  MM
  AVERAGE SKY COVER 0.4


WEATHER CONDITIONS
 THE FOLLOWING WEATHER WAS RECORDED YESTERDAY.
  THUNDERSTORM
  HEAVY RAIN
  RAIN
  LIGHT RAIN
  FOG


RELATIVE HUMIDITY (PERCENT)
 HIGHEST   100           200 AM
 LOWEST     73          1100 AM
 AVERAGE    87

..........................................................


THE PENSACOLA CLIMATE NORMALS FOR TODAY
                         NORMAL    RECORD    YEAR
 MAXIMUM TEMPERATURE (F)   79        91      1987
 MINIMUM TEMPERATURE (F)   61        46      1992
                                             1928


SUNRISE AND SUNSET
APRIL 28 2015.........SUNRISE   608 AM CDT   SUNSET   725 PM CDT
APRIL 29 2015.........SUNRISE   607 AM CDT   SUNSET   725 PM CDT


-  INDICATES NEGATIVE NUMBERS.
R  INDICATES RECORD WAS SET OR TIED.
MM INDICATES DATA IS MISSING.
T  INDICATES TRACE AMOUNT.




$$
