000
CDUS46 KPDT 030844
CLIPSC

CLIMATE REPORT
NATIONAL WEATHER SERVICE PENDLETON OR
144 AM PDT SUN MAY 3 2015


...................................

...THE PASCO WA CLIMATE SUMMARY FOR MAY 2 2015...

CLIMATE NORMAL PERIOD 1981 TO 2010
CLIMATE RECORD PERIOD 1948 TO 2015


WEATHER ITEM   OBSERVED TIME   RECORD YEAR NORMAL DEPARTURE LAST
                VALUE   (LST)  VALUE       VALUE  FROM      YEAR
                                                  NORMAL
..................................................................
TEMPERATURE (F)
 YESTERDAY
  MAXIMUM         74    357 PM  90    2014  72      2       90
  MINIMUM         42   1158 PM  29    2008  41      1       44
  AVERAGE         58                        56      2       67

PRECIPITATION (IN)
  YESTERDAY        0.00          0.23 2009   0.02  -0.02     0.00
  MONTH TO DATE    0.00                      0.04  -0.04     0.00
  SINCE OCT 1      4.29                      6.51  -2.22     2.67
  SINCE JAN 1      1.92                      3.56  -1.64     2.09

SNOWFALL (IN)
  YESTERDAY        0.0
  SNOW DEPTH       0

DEGREE DAYS
 HEATING
  YESTERDAY        7                         9     -2        0
  MONTH TO DATE    9                        18     -9        4
  SINCE MAR 1    837                       959   -122      888
  SINCE JUL 1   4293                      4842   -549     5117

 COOLING
  YESTERDAY        0                         0      0        2
  MONTH TO DATE    0                         0      0        2
  SINCE MAR 1      0                         1     -1        2
  SINCE JAN 1      0                         1     -1        2
..................................................................


WIND (MPH)
  RESULTANT WIND SPEED   4   RESULTANT WIND DIRECTION   N (350)
  HIGHEST WIND SPEED    13   HIGHEST WIND DIRECTION    NW (320)
  HIGHEST GUST SPEED    18   HIGHEST GUST DIRECTION    NW (310)


SKY COVER
  POSSIBLE SUNSHINE  MM
  AVERAGE SKY COVER 0.0


WEATHER CONDITIONS
 THE FOLLOWING WEATHER WAS RECORDED YESTERDAY.
  NO SIGNIFICANT WEATHER WAS OBSERVED.


RELATIVE HUMIDITY (PERCENT)
 HIGHEST    76
 LOWEST     17
 AVERAGE    47

..........................................................


THE PASCO WA CLIMATE NORMALS FOR TODAY
                         NORMAL    RECORD    YEAR
 MAXIMUM TEMPERATURE (F)   72        87      1992
 MINIMUM TEMPERATURE (F)   41        31      2006


SUNRISE AND SUNSET
MAY  3 2015...........SUNRISE   540 AM PDT   SUNSET   808 PM PDT
MAY  4 2015...........SUNRISE   538 AM PDT   SUNSET   809 PM PDT


-  INDICATES NEGATIVE NUMBERS.
R  INDICATES RECORD WAS SET OR TIED.
MM INDICATES DATA IS MISSING.
T  INDICATES TRACE AMOUNT.




$$
