000
CDUS46 KSGX 261421
CLIPSP


CLIMATE REPORT
NATIONAL WEATHER SERVICE SAN DIEGO, CA
721 AM PDT SUN APR 26 2015


...................................

...THE PALM SPRINGS INTL AIRPORT CA CLIMATE SUMMARY FOR APRIL 25 2015...

CLIMATE NORMAL PERIOD 1981 TO 2010
CLIMATE RECORD PERIOD 1893 TO 2015


WEATHER ITEM   OBSERVED TIME   RECORD YEAR NORMAL DEPARTURE LAST
                VALUE   (LST)  VALUE       VALUE  FROM      YEAR
                                                  NORMAL
..................................................................
TEMPERATURE (F)
 YESTERDAY
  MAXIMUM         76    253 PM 104    1926  87    -11       88
  MINIMUM         61    519 AM  40    1953  59      2       61
  AVERAGE         69                        73     -4       75

PRECIPITATION (IN)
  YESTERDAY        0.00          T    2012   0.01  -0.01      T
                                      2012
                                      2014
  MONTH TO DATE    T                         0.10  -0.10      T
  SINCE OCT 1      2.09                      4.59  -2.50     0.88
  SINCE JAN 1      1.22                      2.74  -1.52     0.70

SNOWFALL (IN)
  YESTERDAY        0.0
  MONTH TO DATE    0.0
  SINCE MAR 1      0.0
  SINCE JUL 1      0.0
  SNOW DEPTH       0

DEGREE DAYS
 HEATING
  YESTERDAY        0                         0      0        0
  MONTH TO DATE    1                        17    -16        8
  SINCE MAR 1     30                        90    -60       20
  SINCE JUL 1    401                       868   -467      431

 COOLING
  YESTERDAY        4                         8     -4       10
  MONTH TO DATE  201                       153     48      253
  SINCE MAR 1    512                       246    266      420
  SINCE JAN 1    632                       273    359      528
..................................................................


WIND (MPH)
  RESULTANT WIND SPEED   4   RESULTANT WIND DIRECTION   N (360)
  HIGHEST WIND SPEED    31   HIGHEST WIND DIRECTION    NW (330)
  HIGHEST GUST SPEED    37   HIGHEST GUST DIRECTION    NW (320)
  AVERAGE WIND SPEED     9.6


SKY COVER
  POSSIBLE SUNSHINE  MM
  AVERAGE SKY COVER 0.3


WEATHER CONDITIONS
 THE FOLLOWING WEATHER WAS RECORDED YESTERDAY.
  NO SIGNIFICANT WEATHER WAS OBSERVED.


RELATIVE HUMIDITY (PERCENT)
 HIGHEST    56           800 PM
 LOWEST     24          1000 PM
 AVERAGE    40

..........................................................


THE PALM SPRINGS INTL AIRPORT CA CLIMATE NORMALS FOR TODAY
                         NORMAL    RECORD    YEAR
 MAXIMUM TEMPERATURE (F)   87       109      1996
 MINIMUM TEMPERATURE (F)   60        42      1971


SUNRISE AND SUNSET
APRIL 26 2015.........SUNRISE   603 AM PDT   SUNSET   725 PM PDT
APRIL 27 2015.........SUNRISE   602 AM PDT   SUNSET   726 PM PDT


-  INDICATES NEGATIVE NUMBERS.
R  INDICATES RECORD WAS SET OR TIED.
MM INDICATES DATA IS MISSING.
T  INDICATES TRACE AMOUNT.




$$
