000
CDUS46 KSTO 260838
CLIRDD

CLIMATE REPORT
NATIONAL WEATHER SERVICE SACRAMENTO, CA
136 AM PDT SUN APR 26 2015


...................................

...THE REDDING AIRPORT CA CLIMATE SUMMARY FOR APRIL 25 2015...

CLIMATE NORMAL PERIOD 1981 TO 2010
CLIMATE RECORD PERIOD 1986 TO 2015


WEATHER ITEM   OBSERVED RECORD YEAR NORMAL DEPARTURE LAST
                VALUE   VALUE       VALUE  FROM      YEAR
                                           NORMAL
...........................................................
TEMPERATURE (F)
 YESTERDAY
  MAXIMUM         73     90    2004  73      0       64
                               1987
  MINIMUM         52     40    2009  48      4       42
                               1994
                               1991
  AVERAGE         63

PRECIPITATION (IN)
  YESTERDAY        0.06   0.82 1994   0.08  -0.02     0.01
  MONTH TO DATE    1.18               2.11  -0.93     0.16
  SINCE OCT 1     22.13              30.80  -8.67    16.22
  SINCE JAN 1      5.88              17.95 -12.07    14.11

SNOWFALL (IN)
  YESTERDAY        0.0   MM      MM  MM              MM
  MONTH TO DATE    0.0               MM               0.0
  SINCE MAR 1      0.0               MM               0.0
  SINCE JUL 1      0.0               MM               5.0

DEGREE DAYS
 HEATING
  YESTERDAY        2

 COOLING
  YESTERDAY        0
...........................................................


WIND (MPH)
  RESULTANT WIND SPEED   0   RESULTANT WIND DIRECTION  NW (320)
  HIGHEST WIND SPEED    13   HIGHEST WIND DIRECTION     N (20)
  HIGHEST GUST SPEED    17   HIGHEST GUST DIRECTION    NW (310)


SKY COVER
  POSSIBLE SUNSHINE  MM
  AVERAGE SKY COVER 0.3


WEATHER CONDITIONS
 THE FOLLOWING WEATHER WAS RECORDED YESTERDAY.
  LIGHT RAIN
  FOG


RELATIVE HUMIDITY (PERCENT)
 HIGHEST    89
 LOWEST     26
 AVERAGE    58

..........................................................


THE REDDING AIRPORT CA CLIMATE NORMALS FOR TODAY
                         NORMAL    RECORD    YEAR
 MAXIMUM TEMPERATURE (F)   74        95      2004
 MINIMUM TEMPERATURE (F)   48        34      1994


SUNRISE AND SUNSET
APRIL 26 2015.........SUNRISE   615 AM PDT   SUNSET   800 PM PDT
APRIL 27 2015.........SUNRISE   614 AM PDT   SUNSET   801 PM PDT


-  INDICATES NEGATIVE NUMBERS.
R  INDICATES RECORD WAS SET OR TIED.
MM INDICATES DATA IS MISSING.
T  INDICATES TRACE AMOUNT.

&&
....................................................................

REDDING CITY CLIMATE DATA FOR APRIL 25

CLIMATE RECORD PERIOD 1897-1986

RECORD HIGH..............     98 IN 1926
RECORD LOW...............     32 IN 1984

RECORD RAINFALL..........   1.15 IN 1978

$$
