000
CDUS42 KRAH 190646
CLIRDU

CLIMATE REPORT
NATIONAL WEATHER SERVICE RALEIGH NC
245 AM EDT SUN APR 19 2015


...................................

...THE RALEIGH-DURHAM INTL AIRPORT NC CLIMATE SUMMARY FOR APRIL 18 2015...

CLIMATE NORMAL PERIOD 1981 TO 2010
CLIMATE RECORD PERIOD 1887 TO 2015


WEATHER ITEM   OBSERVED TIME   RECORD YEAR NORMAL DEPARTURE LAST
                VALUE   (LST)  VALUE       VALUE  FROM      YEAR
                                                  NORMAL
..................................................................
TEMPERATURE (F)
 YESTERDAY
  MAXIMUM         80    109 PM  95    1896  73      7       63
  MINIMUM         61    531 AM  30    1983  49     12       38
  AVERAGE         71                        61     10       51

PRECIPITATION (IN)
  YESTERDAY        0.01          0.81 1924   0.09  -0.08     0.18
  MONTH TO DATE    2.24                      1.81   0.43     3.03
  SINCE MAR 1      5.52                      5.92  -0.40     8.09
  SINCE JAN 1     11.78                     12.65  -0.87    13.05

SNOWFALL (IN)
  YESTERDAY        0.0           1.8  1983   0.0    0.0      0.0
  MONTH TO DATE    0.0                       0.1   -0.1      0.0
  SINCE MAR 1      0.0                       0.6   -0.6      0.2
  SINCE JUL 1      7.9                       6.1    1.8      5.8
  SNOW DEPTH       0

DEGREE DAYS
 HEATING
  YESTERDAY        0                         6     -6       14
  MONTH TO DATE   60                       136    -76      115
  SINCE MAR 1    479                       560    -81      698
  SINCE JUL 1   3376                      3132    244     3399

 COOLING
  YESTERDAY        6                         2      4        0
  MONTH TO DATE   43                        23     20       22
  SINCE MAR 1     47                        34     13       22
  SINCE JAN 1     47                        35     12       22
..................................................................


WIND (MPH)
  HIGHEST WIND SPEED    12   HIGHEST WIND DIRECTION    SE (130)
  HIGHEST GUST SPEED    16   HIGHEST GUST DIRECTION    SE (140)
  AVERAGE WIND SPEED     3.1


SKY COVER
  POSSIBLE SUNSHINE  MM
  AVERAGE SKY COVER 0.9


WEATHER CONDITIONS
 THE FOLLOWING WEATHER WAS RECORDED YESTERDAY.
  LIGHT RAIN
  FOG


RELATIVE HUMIDITY (PERCENT)
 HIGHEST   100           700 AM
 LOWEST     52           100 PM
 AVERAGE    76

..........................................................


THE RALEIGH-DURHAM INTL AIRPORT NC CLIMATE NORMALS FOR TODAY
                         NORMAL    RECORD    YEAR
 MAXIMUM TEMPERATURE (F)   73        93      1941
 MINIMUM TEMPERATURE (F)   49        29      2001


SUNRISE AND SUNSET
APRIL 19 2015.........SUNRISE   637 AM EDT   SUNSET   752 PM EDT
APRIL 20 2015.........SUNRISE   636 AM EDT   SUNSET   753 PM EDT


-  INDICATES NEGATIVE NUMBERS.
R  INDICATES RECORD WAS SET OR TIED.
MM INDICATES DATA IS MISSING.
T  INDICATES TRACE AMOUNT.

&&

CLIMATE REPORT NWS FORECAST OFFICE
NCSU CENTENNIAL CAMPUS
RALEIGH, NC

MAXIMUM TEMPERATURE... 81

MINIMUM TEMPERATURE... 62

PRECIPITATION... 0.37


$$
