000
CDUS41 KAKQ 272127
CLIRIC


CLIMATE REPORT
NATIONAL WEATHER SERVICE WAKEFIELD, VA
526 PM EDT MON APR 27 2015


...................................

...THE RICHMOND VA CLIMATE SUMMARY FOR APRIL 27 2015...
VALID TODAY AS OF 0500 PM LOCAL TIME.

CLIMATE NORMAL PERIOD 1981 TO 2010
CLIMATE RECORD PERIOD 1871 TO 2015


WEATHER ITEM   OBSERVED TIME   RECORD YEAR NORMAL DEPARTURE LAST
                VALUE   (LST)  VALUE       VALUE  FROM      YEAR
                                                  NORMAL
..................................................................
TEMPERATURE (F)
 TODAY
  MAXIMUM         65    238 PM  96    1990  74     -9       76
                                      1915
  MINIMUM         42    256 AM  31    1976  49     -7       54
  AVERAGE         54

PRECIPITATION (IN)
  TODAY            0.00          2.74 1928   0.11  -0.11     0.00
  MONTH TO DATE    5.33                      2.95   2.38     2.99
  SINCE MAR 1      9.11                      6.99   2.12     6.23
  SINCE JAN 1     16.37                     12.79   3.58    12.54

SNOWFALL (IN)
  TODAY            0.0
  MONTH TO DATE    0.0
  SINCE NOV 1     12.8
  SINCE JUL 1     12.8
  SNOW DEPTH       0

DEGREE DAYS
 HEATING
  TODAY           11                         5      6        0
  MONTH TO DATE  166                       225    -59      177
  SINCE MAR 1    701                       741    -40      790
  SINCE JUL 1   3803                      3677    126     3743

 COOLING
  TODAY            0                         2     -2        0
  MONTH TO DATE   25                        32     -7       22
  SINCE MAR 1     25                        38    -13       24
  SINCE JAN 1     25                        38    -13       24
..................................................................


WIND (MPH)
  RESULTANT WIND SPEED   6   RESULTANT WIND DIRECTION   N (340)
  HIGHEST WIND SPEED    16   HIGHEST WIND DIRECTION    NW (330)
  HIGHEST GUST SPEED    22   HIGHEST GUST DIRECTION     N (340)


SKY COVER
  POSSIBLE SUNSHINE  MM
  AVERAGE SKY COVER 0.3


WEATHER CONDITIONS
 THE FOLLOWING WEATHER WAS RECORDED TODAY.
  NO SIGNIFICANT WEATHER WAS OBSERVED.


RELATIVE HUMIDITY (PERCENT)
 HIGHEST    89
 LOWEST     34
 AVERAGE    62

..........................................................


THE RICHMOND VA CLIMATE NORMALS FOR TOMORROW
                         NORMAL    RECORD    YEAR
 MAXIMUM TEMPERATURE (F)   74        93      1957
 MINIMUM TEMPERATURE (F)   50        32      1931


SUNRISE AND SUNSET
APRIL 27 2015.........SUNRISE   619 AM EDT   SUNSET   755 PM EDT
APRIL 28 2015.........SUNRISE   618 AM EDT   SUNSET   756 PM EDT


-  INDICATES NEGATIVE NUMBERS.
R  INDICATES RECORD WAS SET OR TIED.
MM INDICATES DATA IS MISSING.
T  INDICATES TRACE AMOUNT.




$$
